Last updated on 2025-04-30 04:50:00 CEST.
Flavor | Version | Tinstall | Tcheck | Ttotal | Status | Flags |
---|---|---|---|---|---|---|
r-devel-linux-x86_64-debian-clang | 3.8 | 119.86 | 105.59 | 225.45 | OK | |
r-devel-linux-x86_64-debian-gcc | 3.8 | 80.22 | 72.44 | 152.66 | OK | |
r-devel-linux-x86_64-fedora-clang | 3.8 | 490.37 | OK | |||
r-devel-linux-x86_64-fedora-gcc | 3.8 | 382.58 | OK | |||
r-devel-windows-x86_64 | 3.8 | 157.00 | 155.00 | 312.00 | OK | |
r-patched-linux-x86_64 | 3.8 | 121.61 | 102.64 | 224.25 | OK | |
r-release-linux-x86_64 | 3.8 | 117.52 | 101.17 | 218.69 | OK | |
r-release-macos-arm64 | 3.8 | 99.00 | OK | |||
r-release-macos-x86_64 | 3.8 | 141.00 | OK | |||
r-release-windows-x86_64 | 3.8 | 158.00 | 150.00 | 308.00 | OK | |
r-oldrel-macos-arm64 | 3.8 | 84.00 | NOTE | |||
r-oldrel-macos-x86_64 | 3.8 | 121.00 | NOTE | |||
r-oldrel-windows-x86_64 | 3.8 | 171.00 | 172.00 | 343.00 | OK |
Version: 3.8
Check: installed package size
Result: NOTE
installed size is 5.9Mb
sub-directories of 1Mb or more:
libs 4.7Mb
Flavors: r-oldrel-macos-arm64, r-oldrel-macos-x86_64