Last updated on 2025-04-30 04:50:00 CEST.
Flavor | Version | Tinstall | Tcheck | Ttotal | Status | Flags |
---|---|---|---|---|---|---|
r-devel-linux-x86_64-debian-clang | 3.1-6 | 422.47 | 385.82 | 808.29 | NOTE | |
r-devel-linux-x86_64-debian-gcc | 3.1-6 | 295.98 | 220.97 | 516.95 | NOTE | |
r-devel-linux-x86_64-fedora-clang | 3.1-6 | 1513.79 | OK | |||
r-devel-linux-x86_64-fedora-gcc | 3.1-6 | 1382.94 | OK | |||
r-devel-windows-x86_64 | 3.1-6 | 463.00 | 419.00 | 882.00 | OK | |
r-patched-linux-x86_64 | 3.1-6 | 431.22 | 317.70 | 748.92 | OK | |
r-release-linux-x86_64 | 3.1-6 | 424.84 | 319.42 | 744.26 | OK | |
r-release-macos-arm64 | 3.1-6 | 330.00 | OK | |||
r-release-macos-x86_64 | 3.1-6 | 503.00 | OK | |||
r-release-windows-x86_64 | 3.1-6 | 458.00 | 421.00 | 879.00 | OK | |
r-oldrel-macos-arm64 | 3.1-6 | 276.00 | NOTE | |||
r-oldrel-macos-x86_64 | 3.1-6 | 340.00 | NOTE | |||
r-oldrel-windows-x86_64 | 3.1-6 | 524.00 | 527.00 | 1051.00 | NOTE |
Version: 3.1-6
Check: CRAN incoming feasibility
Result: NOTE
Maintainer: ‘Peter Rossi <perossichi@gmail.com>’
No Authors@R field in DESCRIPTION.
Please add one, modifying
Authors@R: person(given = "Peter",
family = "Rossi",
role = c("aut", "cre"),
email = "perossichi@gmail.com")
as necessary.
Flavors: r-devel-linux-x86_64-debian-clang, r-devel-linux-x86_64-debian-gcc
Version: 3.1-6
Check: installed package size
Result: NOTE
installed size is 26.5Mb
sub-directories of 1Mb or more:
doc 2.8Mb
libs 22.1Mb
Flavors: r-oldrel-macos-arm64, r-oldrel-macos-x86_64, r-oldrel-windows-x86_64