CRAN Package Check Results for Package bayesreg

Last updated on 2025-04-30 04:50:00 CEST.

Flavor Version Tinstall Tcheck Ttotal Status Flags
r-devel-linux-x86_64-debian-clang 1.3 5.37 38.76 44.13 NOTE
r-devel-linux-x86_64-debian-gcc 1.3 3.59 28.34 31.93 NOTE
r-devel-linux-x86_64-fedora-clang 1.3 66.97 OK
r-devel-linux-x86_64-fedora-gcc 1.3 65.76 OK
r-devel-windows-x86_64 1.3 6.00 68.00 74.00 OK
r-patched-linux-x86_64 1.3 4.33 37.16 41.49 OK
r-release-linux-x86_64 1.3 4.91 37.19 42.10 OK
r-release-macos-arm64 1.3 28.00 OK
r-release-macos-x86_64 1.3 52.00 OK
r-release-windows-x86_64 1.3 6.00 65.00 71.00 OK
r-oldrel-macos-arm64 1.3 26.00 OK
r-oldrel-macos-x86_64 1.3 61.00 OK
r-oldrel-windows-x86_64 1.3 8.00 74.00 82.00 OK

Check Details

Version: 1.3
Check: examples
Result: NOTE Examples with CPU (user + system) or elapsed time > 5s user system elapsed predict.bayesreg 1.504 0.217 6.140 bayesreg 0.602 0.054 6.932 Flavor: r-devel-linux-x86_64-debian-clang

Version: 1.3
Check: examples
Result: NOTE Examples with CPU (user + system) or elapsed time > 5s user system elapsed bayesreg 0.358 0.034 5.034 Flavor: r-devel-linux-x86_64-debian-gcc