CRAN Package Check Results for Package bayest

Last updated on 2025-04-30 04:50:00 CEST.

Flavor Version Tinstall Tcheck Ttotal Status Flags
r-devel-linux-x86_64-debian-clang 1.5 2.50 25.07 27.57 NOTE
r-devel-linux-x86_64-debian-gcc 1.5 1.82 19.59 21.41 NOTE
r-devel-linux-x86_64-fedora-clang 1.5 42.84 OK
r-devel-linux-x86_64-fedora-gcc 1.5 41.14 OK
r-devel-windows-x86_64 1.5 3.00 47.00 50.00 OK
r-patched-linux-x86_64 1.5 2.37 23.88 26.25 OK
r-release-linux-x86_64 1.5 2.48 24.05 26.53 OK
r-release-macos-arm64 1.5 21.00 OK
r-release-macos-x86_64 1.5 38.00 OK
r-release-windows-x86_64 1.5 4.00 46.00 50.00 OK
r-oldrel-macos-arm64 1.5 19.00 OK
r-oldrel-macos-x86_64 1.5 32.00 OK
r-oldrel-windows-x86_64 1.5 4.00 48.00 52.00 OK

Check Details

Version: 1.5
Check: CRAN incoming feasibility
Result: NOTE Maintainer: ‘Riko Kelter <riko.kelter@uni-siegen.de>’ No Authors@R field in DESCRIPTION. Please add one, modifying Authors@R: person(given = "Riko", family = "Kelter", role = c("aut", "cre"), email = "riko.kelter@uni-siegen.de") as necessary. The Description field contains details about the Gibbs sampler see Kelter (2019) <arXiv:1906.07524>. Please refer to arXiv e-prints via their arXiv DOI <doi:10.48550/arXiv.YYMM.NNNNN>. Flavors: r-devel-linux-x86_64-debian-clang, r-devel-linux-x86_64-debian-gcc

Version: 1.5
Check: examples
Result: NOTE Examples with CPU (user + system) or elapsed time > 5s user system elapsed bayes.t.test 4.223 0.336 6.166 Flavor: r-devel-linux-x86_64-debian-clang