CRAN Package Check Results for Package baygel

Last updated on 2025-04-30 04:50:00 CEST.

Flavor Version Tinstall Tcheck Ttotal Status Flags
r-devel-linux-x86_64-debian-clang 0.3.0 100.30 25.69 125.99 OK
r-devel-linux-x86_64-debian-gcc 0.3.0 77.90 19.74 97.64 OK
r-devel-linux-x86_64-fedora-clang 0.3.0 259.85 OK
r-devel-linux-x86_64-fedora-gcc 0.3.0 252.82 OK
r-devel-windows-x86_64 0.3.0 121.00 70.00 191.00 OK
r-patched-linux-x86_64 0.3.0 108.86 23.59 132.45 OK
r-release-linux-x86_64 0.3.0 111.83 23.88 135.71 OK
r-release-macos-arm64 0.3.0 66.00 OK
r-release-macos-x86_64 0.3.0 58.00 OK
r-release-windows-x86_64 0.3.0 120.00 71.00 191.00 OK
r-oldrel-macos-arm64 0.3.0 57.00 NOTE
r-oldrel-macos-x86_64 0.3.0 77.00 NOTE
r-oldrel-windows-x86_64 0.3.0 136.00 82.00 218.00 OK

Check Details

Version: 0.3.0
Check: installed package size
Result: NOTE installed size is 5.5Mb sub-directories of 1Mb or more: libs 5.4Mb Flavors: r-oldrel-macos-arm64, r-oldrel-macos-x86_64