CRAN Package Check Results for Package baytrends

Last updated on 2025-04-30 04:50:00 CEST.

Flavor Version Tinstall Tcheck Ttotal Status Flags
r-devel-linux-x86_64-debian-clang 2.0.12 17.99 134.52 152.51 NOTE
r-devel-linux-x86_64-debian-gcc 2.0.12 12.76 94.38 107.14 NOTE
r-devel-linux-x86_64-fedora-clang 2.0.12 236.32 OK
r-devel-linux-x86_64-fedora-gcc 2.0.12 241.22 OK
r-devel-windows-x86_64 2.0.12 21.00 153.00 174.00 OK
r-patched-linux-x86_64 2.0.12 20.09 125.49 145.58 OK
r-release-linux-x86_64 2.0.12 18.20 127.25 145.45 OK
r-release-macos-arm64 2.0.12 77.00 OK
r-release-macos-x86_64 2.0.12 167.00 OK
r-release-windows-x86_64 2.0.12 20.00 148.00 168.00 OK
r-oldrel-macos-arm64 2.0.12 78.00 OK
r-oldrel-macos-x86_64 2.0.12 269.00 OK
r-oldrel-windows-x86_64 2.0.12 28.00 181.00 209.00 OK

Check Details

Version: 2.0.12
Check: CRAN incoming feasibility
Result: NOTE Maintainer: ‘Erik W Leppo <Erik.Leppo@tetratech.com>’ No Authors@R field in DESCRIPTION. Please add one, modifying Authors@R: c(person(given = "Rebecca", family = "Murphy", role = "aut"), person(given = "Elgin", family = "Perry", role = "aut"), person(given = "Jennifer", family = "Keisman", role = "aut"), person(given = "Jon", family = "Harcum", role = "aut"), person(given = c("Erik", "W"), family = "Leppo", role = c("aut", "cre"), email = "erik.leppo@tetratech.com")) as necessary. Flavors: r-devel-linux-x86_64-debian-clang, r-devel-linux-x86_64-debian-gcc