CRAN Package Check Results for Package bbmix

Last updated on 2025-04-30 04:50:00 CEST.

Flavor Version Tinstall Tcheck Ttotal Status Flags
r-devel-linux-x86_64-debian-clang 1.0.0 125.87 121.09 246.96 OK
r-devel-linux-x86_64-debian-gcc 1.0.0 124.20 93.13 217.33 OK
r-devel-linux-x86_64-fedora-clang 1.0.0 377.66 OK
r-devel-linux-x86_64-fedora-gcc 1.0.0 468.58 OK
r-devel-windows-x86_64 1.0.0 149.00 143.00 292.00 OK
r-patched-linux-x86_64 1.0.0 152.71 126.30 279.01 OK
r-release-linux-x86_64 1.0.0 155.58 124.52 280.10 OK
r-release-macos-arm64 1.0.0 100.00 OK
r-release-macos-x86_64 1.0.0 263.00 OK
r-release-windows-x86_64 1.0.0 145.00 150.00 295.00 OK
r-oldrel-macos-arm64 1.0.0 97.00 NOTE
r-oldrel-macos-x86_64 1.0.0 154.00 NOTE
r-oldrel-windows-x86_64 1.0.0 158.00 185.00 343.00 NOTE

Check Details

Version: 1.0.0
Check: installed package size
Result: NOTE installed size is 43.7Mb sub-directories of 1Mb or more: libs 43.1Mb Flavors: r-oldrel-macos-arm64, r-oldrel-macos-x86_64

Version: 1.0.0
Check: for GNU extensions in Makefiles
Result: NOTE GNU make is a SystemRequirements. Flavors: r-oldrel-macos-arm64, r-oldrel-macos-x86_64, r-oldrel-windows-x86_64