CRAN Package Check Results for Package bde

Last updated on 2025-04-30 04:50:00 CEST.

Flavor Version Tinstall Tcheck Ttotal Status Flags
r-devel-linux-x86_64-debian-clang 1.0.1.1 12.79 81.04 93.83 NOTE
r-devel-linux-x86_64-debian-gcc 1.0.1.1 8.59 54.87 63.46 NOTE
r-devel-linux-x86_64-fedora-clang 1.0.1.1 141.52 NOTE
r-devel-linux-x86_64-fedora-gcc 1.0.1.1 132.87 NOTE
r-devel-windows-x86_64 1.0.1.1 15.00 103.00 118.00 NOTE
r-patched-linux-x86_64 1.0.1.1 13.82 76.36 90.18 NOTE
r-release-linux-x86_64 1.0.1.1 10.62 75.86 86.48 NOTE
r-release-macos-arm64 1.0.1.1 45.00 NOTE
r-release-macos-x86_64 1.0.1.1 70.00 NOTE
r-release-windows-x86_64 1.0.1.1 15.00 102.00 117.00 NOTE
r-oldrel-macos-arm64 1.0.1.1 37.00 NOTE
r-oldrel-macos-x86_64 1.0.1.1 57.00 NOTE
r-oldrel-windows-x86_64 1.0.1.1 18.00 122.00 140.00 NOTE

Check Details

Version: 1.0.1.1
Check: CRAN incoming feasibility
Result: NOTE Maintainer: ‘Guzman Santafe <guzman.santafe@unavarra.es>’ No Authors@R field in DESCRIPTION. Please add one, modifying Authors@R: c(person(given = "Guzman", family = "Santafe", role = c("aut", "cre"), email = "guzman.santafe@unavarra.es"), person(given = "Borja", family = "Calvo", role = "aut"), person(given = "Aritz", family = "Perez", role = "aut"), person(given = c("Jose", "A."), family = "Lozano", role = "aut")) as necessary. Flavors: r-devel-linux-x86_64-debian-clang, r-devel-linux-x86_64-debian-gcc

Version: 1.0.1.1
Check: Rd files
Result: NOTE checkRd: (-1) bde.Rd:20: Lost braces in \itemize; meant \describe ? checkRd: (-1) bde.Rd:21: Lost braces in \itemize; meant \describe ? checkRd: (-1) bde.Rd:22: Lost braces in \itemize; meant \describe ? checkRd: (-1) bde.Rd:23: Lost braces in \itemize; meant \describe ? checkRd: (-1) bde.Rd:34: Lost braces in \itemize; meant \describe ? checkRd: (-1) bde.Rd:35: Lost braces in \itemize; meant \describe ? checkRd: (-1) bde.Rd:36: Lost braces in \itemize; meant \describe ? checkRd: (-1) bde.Rd:37: Lost braces in \itemize; meant \describe ? checkRd: (-1) bde.Rd:42: Lost braces in \itemize; meant \describe ? checkRd: (-1) bde.Rd:47: Lost braces in \itemize; meant \describe ? checkRd: (-1) bde.Rd:48: Lost braces in \itemize; meant \describe ? checkRd: (-1) bde.Rd:49: Lost braces in \itemize; meant \describe ? checkRd: (-1) bde.Rd:54: Lost braces in \itemize; meant \describe ? checkRd: (-1) bde.Rd:55: Lost braces in \itemize; meant \describe ? checkRd: (-1) bde.Rd:56: Lost braces in \itemize; meant \describe ? Flavors: r-devel-linux-x86_64-debian-clang, r-devel-linux-x86_64-debian-gcc, r-devel-linux-x86_64-fedora-clang, r-devel-linux-x86_64-fedora-gcc, r-devel-windows-x86_64, r-patched-linux-x86_64, r-release-linux-x86_64, r-release-macos-arm64, r-release-macos-x86_64, r-release-windows-x86_64, r-oldrel-macos-arm64, r-oldrel-macos-x86_64, r-oldrel-windows-x86_64