Last updated on 2025-04-30 04:50:00 CEST.
Flavor | Version | Tinstall | Tcheck | Ttotal | Status | Flags |
---|---|---|---|---|---|---|
r-devel-linux-x86_64-debian-clang | 1.3-7 | 10.26 | 44.00 | 54.26 | NOTE | |
r-devel-linux-x86_64-debian-gcc | 1.3-7 | 8.26 | 30.76 | 39.02 | NOTE | |
r-devel-linux-x86_64-fedora-clang | 1.3-7 | 87.98 | OK | |||
r-devel-linux-x86_64-fedora-gcc | 1.3-7 | 87.48 | OK | |||
r-devel-windows-x86_64 | 1.3-7 | 17.00 | 63.00 | 80.00 | OK | |
r-patched-linux-x86_64 | 1.3-7 | 10.31 | 42.04 | 52.35 | OK | |
r-release-linux-x86_64 | 1.3-7 | 9.94 | 42.31 | 52.25 | OK | |
r-release-macos-arm64 | 1.3-7 | 32.00 | OK | |||
r-release-macos-x86_64 | 1.3-7 | 50.00 | OK | |||
r-release-windows-x86_64 | 1.3-7 | 23.00 | 67.00 | 90.00 | OK | |
r-oldrel-macos-arm64 | 1.3-7 | 36.00 | OK | |||
r-oldrel-macos-x86_64 | 1.3-7 | 42.00 | OK | |||
r-oldrel-windows-x86_64 | 1.3-7 | 18.00 | 60.00 | 78.00 | OK |
Version: 1.3-7
Check: CRAN incoming feasibility
Result: NOTE
Maintainer: ‘Terry Therneau <therneau.terry@mayo.edu>’
No Authors@R field in DESCRIPTION.
Please add one, modifying
Authors@R: person(given = "Terry",
family = "Therneau",
role = c("aut", "cre"),
email = "therneau.terry@mayo.edu")
as necessary.
Flavors: r-devel-linux-x86_64-debian-clang, r-devel-linux-x86_64-debian-gcc