Last updated on 2025-04-30 04:50:00 CEST.
Flavor | Version | Tinstall | Tcheck | Ttotal | Status | Flags |
---|---|---|---|---|---|---|
r-devel-linux-x86_64-debian-clang | 0.5.0 | 4.58 | 186.35 | 190.93 | NOTE | |
r-devel-linux-x86_64-debian-gcc | 0.5.0 | 3.12 | 121.94 | 125.06 | OK | |
r-devel-linux-x86_64-fedora-clang | 0.5.0 | 294.37 | OK | |||
r-devel-linux-x86_64-fedora-gcc | 0.5.0 | 324.92 | OK | |||
r-devel-windows-x86_64 | 0.5.0 | 7.00 | 207.00 | 214.00 | OK | |
r-patched-linux-x86_64 | 0.5.0 | 4.88 | 179.85 | 184.73 | OK | |
r-release-linux-x86_64 | 0.5.0 | 3.95 | 177.25 | 181.20 | OK | |
r-release-macos-arm64 | 0.5.0 | 103.00 | OK | |||
r-release-macos-x86_64 | 0.5.0 | 214.00 | OK | |||
r-release-windows-x86_64 | 0.5.0 | 7.00 | 206.00 | 213.00 | OK | |
r-oldrel-macos-arm64 | 0.5.0 | 101.00 | OK | |||
r-oldrel-macos-x86_64 | 0.5.0 | 159.00 | OK | |||
r-oldrel-windows-x86_64 | 0.5.0 | 8.00 | 259.00 | 267.00 | OK |
Version: 0.5.0
Check: examples
Result: NOTE
Examples with CPU (user + system) or elapsed time > 5s
user system elapsed
cluster_events 3.029 0.277 5.217
Flavor: r-devel-linux-x86_64-debian-clang