Last updated on 2025-04-30 04:50:00 CEST.
Flavor | Version | Tinstall | Tcheck | Ttotal | Status | Flags |
---|---|---|---|---|---|---|
r-devel-linux-x86_64-debian-clang | 1.5.3 | 36.99 | 66.77 | 103.76 | NOTE | |
r-devel-linux-x86_64-debian-gcc | 1.5.3 | 24.56 | 47.54 | 72.10 | NOTE | |
r-devel-linux-x86_64-fedora-clang | 1.5.3 | 189.25 | OK | |||
r-devel-linux-x86_64-fedora-gcc | 1.5.3 | 182.99 | OK | |||
r-devel-windows-x86_64 | 1.5.3 | 44.00 | 93.00 | 137.00 | OK | |
r-patched-linux-x86_64 | 1.5.3 | 33.70 | 64.02 | 97.72 | OK | |
r-release-linux-x86_64 | 1.5.3 | 33.96 | 63.13 | 97.09 | OK | |
r-release-macos-arm64 | 1.5.3 | 61.00 | OK | |||
r-release-macos-x86_64 | 1.5.3 | 112.00 | OK | |||
r-release-windows-x86_64 | 1.5.3 | 44.00 | 92.00 | 136.00 | OK | |
r-oldrel-macos-arm64 | 1.5.3 | 51.00 | OK | |||
r-oldrel-macos-x86_64 | 1.5.3 | 119.00 | OK | |||
r-oldrel-windows-x86_64 | 1.5.3 | 49.00 | 122.00 | 171.00 | OK |
Version: 1.5.3
Check: CRAN incoming feasibility
Result: NOTE
Maintainer: ‘Jakub Nowosad <nowosad.jakub@gmail.com>’
Package CITATION file contains call(s) to old-style citEntry(). Please
use bibentry() instead.
Flavors: r-devel-linux-x86_64-debian-clang, r-devel-linux-x86_64-debian-gcc