Last updated on 2025-02-21 03:52:07 CET.
Flavor | Version | Tinstall | Tcheck | Ttotal | Status | Flags |
---|---|---|---|---|---|---|
r-devel-linux-x86_64-debian-clang | 1.0.7 | 288.43 | 78.99 | 367.42 | NOTE | |
r-devel-linux-x86_64-debian-gcc | 1.0.7 | 280.41 | 102.93 | 383.34 | NOTE | |
r-devel-linux-x86_64-fedora-clang | 1.0.7 | 624.66 | NOTE | |||
r-devel-linux-x86_64-fedora-gcc | 1.0.7 | 835.42 | NOTE | |||
r-devel-macos-arm64 | 1.0.7 | 155.00 | NOTE | |||
r-devel-macos-x86_64 | 1.0.7 | 196.00 | NOTE | |||
r-devel-windows-x86_64 | 1.0.7 | 313.00 | 145.00 | 458.00 | NOTE | |
r-patched-linux-x86_64 | 1.0.7 | 353.72 | 130.45 | 484.17 | NOTE | |
r-release-linux-x86_64 | 1.0.7 | 366.58 | 131.15 | 497.73 | NOTE | |
r-release-macos-arm64 | 1.0.7 | 158.00 | NOTE | |||
r-release-macos-x86_64 | 1.0.7 | 151.00 | NOTE | |||
r-release-windows-x86_64 | 1.0.7 | 326.00 | 142.00 | 468.00 | NOTE | |
r-oldrel-macos-arm64 | 1.0.7 | 175.00 | NOTE | |||
r-oldrel-macos-x86_64 | 1.0.7 | 291.00 | NOTE | |||
r-oldrel-windows-x86_64 | 1.0.7 | 443.00 | 175.00 | 618.00 | NOTE |
Version: 1.0.7
Check: C++ specification
Result: NOTE
Specified C++11: please drop specification unless essential
Flavors: r-devel-linux-x86_64-debian-clang, r-devel-linux-x86_64-debian-gcc, r-devel-linux-x86_64-fedora-clang, r-devel-linux-x86_64-fedora-gcc, r-devel-macos-arm64, r-devel-macos-x86_64, r-devel-windows-x86_64, r-patched-linux-x86_64, r-release-linux-x86_64, r-release-macos-arm64, r-release-macos-x86_64, r-release-windows-x86_64, r-oldrel-macos-arm64, r-oldrel-macos-x86_64, r-oldrel-windows-x86_64
Version: 1.0.7
Check: Rd files
Result: NOTE
checkRd: (-1) gen.data.Rd:42: Lost braces
42 | code{cortype = 2} denotes the constant structure, where the \eqn{(i,j)} entry of covariance
| ^
Flavors: r-devel-linux-x86_64-debian-clang, r-devel-linux-x86_64-debian-gcc, r-devel-linux-x86_64-fedora-clang, r-devel-linux-x86_64-fedora-gcc, r-devel-macos-arm64, r-devel-macos-x86_64, r-devel-windows-x86_64, r-patched-linux-x86_64, r-release-linux-x86_64, r-release-macos-arm64, r-release-macos-x86_64, r-release-windows-x86_64
Version: 1.0.7
Check: installed package size
Result: NOTE
installed size is 63.9Mb
sub-directories of 1Mb or more:
data 2.7Mb
libs 60.7Mb
Flavors: r-release-macos-arm64, r-release-macos-x86_64, r-oldrel-macos-arm64, r-oldrel-macos-x86_64