Last updated on 2025-04-30 04:50:00 CEST.
Flavor | Version | Tinstall | Tcheck | Ttotal | Status | Flags |
---|---|---|---|---|---|---|
r-devel-linux-x86_64-debian-clang | 1.0.4 | 9.80 | 88.52 | 98.32 | NOTE | |
r-devel-linux-x86_64-debian-gcc | 1.0.4 | 6.96 | 60.46 | 67.42 | NOTE | |
r-devel-linux-x86_64-fedora-clang | 1.0.4 | 141.89 | OK | |||
r-devel-linux-x86_64-fedora-gcc | 1.0.4 | 147.09 | OK | |||
r-devel-windows-x86_64 | 1.0.4 | 11.00 | 141.00 | 152.00 | OK | |
r-patched-linux-x86_64 | 1.0.4 | 7.16 | 81.31 | 88.47 | OK | |
r-release-linux-x86_64 | 1.0.4 | 8.66 | 81.42 | 90.08 | OK | |
r-release-macos-arm64 | 1.0.4 | 69.00 | OK | |||
r-release-macos-x86_64 | 1.0.4 | 134.00 | OK | |||
r-release-windows-x86_64 | 1.0.4 | 13.00 | 138.00 | 151.00 | OK | |
r-oldrel-macos-arm64 | 1.0.4 | 68.00 | OK | |||
r-oldrel-macos-x86_64 | 1.0.4 | 101.00 | OK | |||
r-oldrel-windows-x86_64 | 1.0.4 | 14.00 | 170.00 | 184.00 | OK |
Version: 1.0.4
Check: examples
Result: NOTE
Examples with CPU (user + system) or elapsed time > 5s
user system elapsed
beta_kr 1.662 0.066 10.036
Flavor: r-devel-linux-x86_64-debian-clang
Version: 1.0.4
Check: examples
Result: NOTE
Examples with CPU (user + system) or elapsed time > 5s
user system elapsed
beta_kr 0.912 0.081 6.727
Flavor: r-devel-linux-x86_64-debian-gcc