Last updated on 2025-04-30 04:50:00 CEST.
Flavor | Version | Tinstall | Tcheck | Ttotal | Status | Flags |
---|---|---|---|---|---|---|
r-devel-linux-x86_64-debian-clang | 3.2-2 | 15.48 | 190.76 | 206.24 | NOTE | |
r-devel-linux-x86_64-debian-gcc | 3.2-2 | 10.65 | 128.29 | 138.94 | NOTE | |
r-devel-linux-x86_64-fedora-clang | 3.2-2 | 327.35 | NOTE | |||
r-devel-linux-x86_64-fedora-gcc | 3.2-2 | 327.09 | NOTE | |||
r-devel-windows-x86_64 | 3.2-2 | 19.00 | 196.00 | 215.00 | NOTE | |
r-patched-linux-x86_64 | 3.2-2 | 16.60 | 181.11 | 197.71 | NOTE | |
r-release-linux-x86_64 | 3.2-2 | 14.15 | 181.04 | 195.19 | NOTE | |
r-release-macos-arm64 | 3.2-2 | 75.00 | OK | |||
r-release-macos-x86_64 | 3.2-2 | 258.00 | OK | |||
r-release-windows-x86_64 | 3.2-2 | 19.00 | 197.00 | 216.00 | NOTE | |
r-oldrel-macos-arm64 | 3.2-2 | 77.00 | OK | |||
r-oldrel-macos-x86_64 | 3.2-2 | 295.00 | OK | |||
r-oldrel-windows-x86_64 | 3.2-2 | 25.00 | 250.00 | 275.00 | OK |
Version: 3.2-2
Check: examples
Result: NOTE
Examples with CPU (user + system) or elapsed time > 5s
user system elapsed
betamix 9.923 0.061 13.536
betar_family 9.506 0.162 13.826
plot.betareg 6.316 0.039 7.777
GasolineYield 3.894 0.139 7.861
Flavor: r-devel-linux-x86_64-debian-clang
Version: 3.2-2
Check: differences from ‘betareg-Ex.Rout’ to ‘betareg-Ex.Rout.save’
Result: NOTE
909c909
< This is mgcv 1.9-3. For overview type 'help("mgcv-package")'.
---
> This is mgcv 1.9-1. For overview type 'help("mgcv-package")'.
Flavors: r-devel-linux-x86_64-debian-clang, r-devel-linux-x86_64-debian-gcc, r-devel-linux-x86_64-fedora-clang, r-devel-linux-x86_64-fedora-gcc, r-devel-windows-x86_64, r-patched-linux-x86_64, r-release-linux-x86_64, r-release-windows-x86_64
Version: 3.2-2
Check: examples
Result: NOTE
Examples with CPU (user + system) or elapsed time > 5s
user system elapsed
betamix 6.022 0.102 7.125
betar_family 5.647 0.192 6.775
Flavor: r-devel-linux-x86_64-debian-gcc