Last updated on 2025-04-30 04:50:00 CEST.
Flavor | Version | Tinstall | Tcheck | Ttotal | Status | Flags |
---|---|---|---|---|---|---|
r-devel-linux-x86_64-debian-clang | 0.1.0 | 4.57 | 110.96 | 115.53 | NOTE | |
r-devel-linux-x86_64-debian-gcc | 0.1.0 | 2.91 | 76.27 | 79.18 | NOTE | |
r-devel-linux-x86_64-fedora-clang | 0.1.0 | 179.73 | OK | |||
r-devel-linux-x86_64-fedora-gcc | 0.1.0 | 191.19 | OK | |||
r-devel-windows-x86_64 | 0.1.0 | 6.00 | 110.00 | 116.00 | OK | |
r-patched-linux-x86_64 | 0.1.0 | 4.82 | 104.49 | 109.31 | OK | |
r-release-linux-x86_64 | 0.1.0 | 3.37 | 102.37 | 105.74 | OK | |
r-release-macos-arm64 | 0.1.0 | 52.00 | OK | |||
r-release-macos-x86_64 | 0.1.0 | 125.00 | OK | |||
r-release-windows-x86_64 | 0.1.0 | 6.00 | 109.00 | 115.00 | OK | |
r-oldrel-macos-arm64 | 0.1.0 | 59.00 | OK | |||
r-oldrel-macos-x86_64 | 0.1.0 | 94.00 | OK | |||
r-oldrel-windows-x86_64 | 0.1.0 | 7.00 | 133.00 | 140.00 | OK |
Version: 0.1.0
Check: examples
Result: NOTE
Examples with CPU (user + system) or elapsed time > 5s
user system elapsed
lav_betaselect 7.692 0.023 10.447
lm_betaselect 5.139 0.003 6.896
Flavor: r-devel-linux-x86_64-debian-clang
Version: 0.1.0
Check: examples
Result: NOTE
Examples with CPU (user + system) or elapsed time > 5s
user system elapsed
lav_betaselect 4.632 0.071 5.862
Flavor: r-devel-linux-x86_64-debian-gcc