Last updated on 2025-04-30 04:50:00 CEST.
Flavor | Version | Tinstall | Tcheck | Ttotal | Status | Flags |
---|---|---|---|---|---|---|
r-devel-linux-x86_64-debian-clang | 1.3.0 | 105.16 | 154.59 | 259.75 | OK | |
r-devel-linux-x86_64-debian-gcc | 1.3.0 | 72.36 | 91.16 | 163.52 | OK | |
r-devel-linux-x86_64-fedora-clang | 1.3.0 | 481.47 | OK | |||
r-devel-linux-x86_64-fedora-gcc | 1.3.0 | 443.15 | OK | |||
r-devel-windows-x86_64 | 1.3.0 | 124.00 | 199.00 | 323.00 | OK | |
r-patched-linux-x86_64 | 1.3.0 | 108.50 | 141.93 | 250.43 | OK | |
r-release-linux-x86_64 | 1.3.0 | 100.80 | 141.92 | 242.72 | OK | |
r-release-macos-arm64 | 1.3.0 | 118.00 | OK | |||
r-release-macos-x86_64 | 1.3.0 | 168.00 | OK | |||
r-release-windows-x86_64 | 1.3.0 | 124.00 | 195.00 | 319.00 | OK | |
r-oldrel-macos-arm64 | 1.3.0 | 92.00 | NOTE | |||
r-oldrel-macos-x86_64 | 1.3.0 | 143.00 | NOTE | |||
r-oldrel-windows-x86_64 | 1.3.0 | 141.00 | 247.00 | 388.00 | OK |
Version: 1.3.0
Check: installed package size
Result: NOTE
installed size is 5.6Mb
sub-directories of 1Mb or more:
libs 5.2Mb
Flavors: r-oldrel-macos-arm64, r-oldrel-macos-x86_64