Last updated on 2025-04-30 04:50:00 CEST.
Flavor | Version | Tinstall | Tcheck | Ttotal | Status | Flags |
---|---|---|---|---|---|---|
r-devel-linux-x86_64-debian-clang | 1.1.2 | 2.15 | 36.29 | 38.44 | NOTE | |
r-devel-linux-x86_64-debian-gcc | 1.1.2 | 1.53 | 23.92 | 25.45 | NOTE | |
r-devel-linux-x86_64-fedora-clang | 1.1.2 | 60.91 | OK | |||
r-devel-linux-x86_64-fedora-gcc | 1.1.2 | 58.90 | OK | |||
r-devel-windows-x86_64 | 1.1.2 | 3.00 | 54.00 | 57.00 | OK | |
r-patched-linux-x86_64 | 1.1.2 | 2.70 | 34.63 | 37.33 | OK | |
r-release-linux-x86_64 | 1.1.2 | 2.23 | 33.15 | 35.38 | OK | |
r-release-macos-arm64 | 1.1.2 | 22.00 | OK | |||
r-release-macos-x86_64 | 1.1.2 | 35.00 | OK | |||
r-release-windows-x86_64 | 1.1.2 | 3.00 | 55.00 | 58.00 | OK | |
r-oldrel-macos-arm64 | 1.1.2 | 26.00 | OK | |||
r-oldrel-macos-x86_64 | 1.1.2 | 29.00 | OK | |||
r-oldrel-windows-x86_64 | 1.1.2 | 3.00 | 53.00 | 56.00 | OK |
Version: 1.1.2
Check: CRAN incoming feasibility
Result: NOTE
Maintainer: ‘Aaron Olsen <aarolsen@gmail.com>’
No Authors@R field in DESCRIPTION.
Please add one, modifying
Authors@R: person(given = "Aaron",
family = "Olsen",
role = c("aut", "cre"),
email = "aarolsen@gmail.com")
as necessary.
Flavors: r-devel-linux-x86_64-debian-clang, r-devel-linux-x86_64-debian-gcc
Version: 1.1.2
Check: examples
Result: NOTE
Examples with CPU (user + system) or elapsed time > 5s
user system elapsed
pointsOnBezier 6.349 0.030 7.406
bezierArcLength 4.710 0.051 6.471
Flavor: r-devel-linux-x86_64-debian-clang