Last updated on 2025-04-30 04:50:00 CEST.
Flavor | Version | Tinstall | Tcheck | Ttotal | Status | Flags |
---|---|---|---|---|---|---|
r-devel-linux-x86_64-debian-clang | 0.7 | 10.68 | 73.05 | 83.73 | NOTE | |
r-devel-linux-x86_64-debian-gcc | 0.7 | 7.63 | 53.80 | 61.43 | NOTE | |
r-devel-linux-x86_64-fedora-clang | 0.7 | 127.78 | NOTE | |||
r-devel-linux-x86_64-fedora-gcc | 0.7 | 123.92 | NOTE | |||
r-devel-windows-x86_64 | 0.7 | 11.00 | 87.00 | 98.00 | NOTE | |
r-patched-linux-x86_64 | 0.7 | 9.25 | 70.90 | 80.15 | NOTE | |
r-release-linux-x86_64 | 0.7 | 9.14 | 70.76 | 79.90 | NOTE | |
r-release-macos-arm64 | 0.7 | 48.00 | NOTE | |||
r-release-macos-x86_64 | 0.7 | 78.00 | NOTE | |||
r-release-windows-x86_64 | 0.7 | 11.00 | 83.00 | 94.00 | NOTE | |
r-oldrel-macos-arm64 | 0.7 | 39.00 | NOTE | |||
r-oldrel-macos-x86_64 | 0.7 | 58.00 | NOTE | |||
r-oldrel-windows-x86_64 | 0.7 | 19.00 | 102.00 | 121.00 | NOTE |
Version: 0.7
Check: CRAN incoming feasibility
Result: NOTE
Maintainer: ‘Yin Song <yinsong@uvic.ca>’
No Authors@R field in DESCRIPTION.
Please add one, modifying
Authors@R: c(person(given = "Yin",
family = "Song",
role = c("aut", "cre"),
email = "yinsong@uvic.ca"),
person(given = "Shufei",
family = "Ge",
role = "aut"),
person(given = "Liangliang",
family = "Wang",
role = "aut"),
person(given = "Jiguo",
family = "Cao",
role = "aut"),
person(given = "Keelin",
family = "Greenlaw",
role = "aut"),
person(given = "Mary",
family = "Lesperance",
role = "aut"),
person(given = c("Farouk", "S."),
family = "Nathoo",
role = "aut"))
as necessary.
Flavors: r-devel-linux-x86_64-debian-clang, r-devel-linux-x86_64-debian-gcc
Version: 0.7
Check: Rd files
Result: NOTE
checkRd: (-1) sp_bgsmtr.Rd:42: Lost braces; missing escapes or markup?
42 | \item{c.star}{The threshold for computing posterior tail probabilities p_{ij} for Bayesian FDR as defined in Section 3.2 of Song, Ge et al.(2019). If not specified the default is to set this threshold as the minimum posterior standard deviation, where the minimum is taken over all regression coefficients in the model.}
| ^
Flavors: r-devel-linux-x86_64-debian-clang, r-devel-linux-x86_64-debian-gcc, r-devel-linux-x86_64-fedora-clang, r-devel-linux-x86_64-fedora-gcc, r-devel-windows-x86_64, r-patched-linux-x86_64, r-release-linux-x86_64, r-release-macos-arm64, r-release-macos-x86_64, r-release-windows-x86_64, r-oldrel-macos-arm64, r-oldrel-macos-x86_64, r-oldrel-windows-x86_64