CRAN Package Check Results for Package bhm

Last updated on 2025-04-30 04:50:00 CEST.

Flavor Version Tinstall Tcheck Ttotal Status Flags
r-devel-linux-x86_64-debian-clang 1.19 13.43 96.06 109.49 OK
r-devel-linux-x86_64-debian-gcc 1.19 9.02 65.78 74.80 OK
r-devel-linux-x86_64-fedora-clang 1.19 169.26 OK
r-devel-linux-x86_64-fedora-gcc 1.19 161.31 OK
r-devel-windows-x86_64 1.19 14.00 101.00 115.00 OK
r-patched-linux-x86_64 1.18 11.02 84.45 95.47 NOTE
r-release-linux-x86_64 1.18 12.36 84.64 97.00 NOTE
r-release-macos-arm64 1.19 45.00 OK
r-release-macos-x86_64 1.19 85.00 OK
r-release-windows-x86_64 1.19 13.00 99.00 112.00 OK
r-oldrel-macos-arm64 1.19 47.00 NOTE
r-oldrel-macos-x86_64 1.19 99.00 NOTE
r-oldrel-windows-x86_64 1.18 16.00 120.00 136.00 OK

Check Details

Version: 1.18
Check: Rd cross-references
Result: NOTE Found the following Rd file(s) with Rd \link{} targets missing package anchors: bhm-package.Rd: coxph, survival bhm.Rd: coxph brm.Rd: coxph mpl.Rd: coxph resboot.Rd: coxph Please provide package anchors for all Rd \link{} targets not in the package itself and the base packages. Flavors: r-patched-linux-x86_64, r-release-linux-x86_64

Version: 1.19
Check: package dependencies
Result: NOTE Depends: includes the non-default packages: 'coda', 'ggplot2', 'gridExtra', 'lpl', 'MASS', 'survival' Adding so many packages to the search path is excessive and importing selectively is preferable. Flavors: r-oldrel-macos-arm64, r-oldrel-macos-x86_64