Last updated on 2025-04-30 04:50:00 CEST.
Flavor | Version | Tinstall | Tcheck | Ttotal | Status | Flags |
---|---|---|---|---|---|---|
r-devel-linux-x86_64-debian-clang | 0.9.5 | 3.52 | 65.91 | 69.43 | NOTE | |
r-devel-linux-x86_64-debian-gcc | 0.9.5 | 2.75 | 46.73 | 49.48 | NOTE | |
r-devel-linux-x86_64-fedora-clang | 0.9.5 | 111.83 | OK | |||
r-devel-linux-x86_64-fedora-gcc | 0.9.5 | 120.49 | OK | |||
r-devel-windows-x86_64 | 0.9.5 | 6.00 | 91.00 | 97.00 | OK | |
r-patched-linux-x86_64 | 0.9.5 | 4.73 | 62.95 | 67.68 | OK | |
r-release-linux-x86_64 | 0.9.5 | 4.26 | 62.45 | 66.71 | OK | |
r-release-macos-arm64 | 0.9.5 | 123.00 | OK | |||
r-release-macos-x86_64 | 0.9.5 | 105.00 | OK | |||
r-release-windows-x86_64 | 0.9.5 | 5.00 | 91.00 | 96.00 | OK | |
r-oldrel-macos-arm64 | 0.9.5 | 38.00 | OK | |||
r-oldrel-macos-x86_64 | 0.9.5 | 72.00 | OK | |||
r-oldrel-windows-x86_64 | 0.9.5 | 6.00 | 100.00 | 106.00 | OK |
Version: 0.9.5
Check: CRAN incoming feasibility
Result: NOTE
Maintainer: ‘Stephan Wojciekowski <stephan.wojciekowski@boehringer-ingelheim.com>’
Package CITATION file contains call(s) to old-style citEntry(). Please
use bibentry() instead.
Flavors: r-devel-linux-x86_64-debian-clang, r-devel-linux-x86_64-debian-gcc