CRAN Package Check Results for Package biblionetwork

Last updated on 2025-04-30 04:50:00 CEST.

Flavor Version Tinstall Tcheck Ttotal Status Flags
r-devel-linux-x86_64-debian-clang 0.1.0 3.02 38.74 41.76 NOTE
r-devel-linux-x86_64-debian-gcc 0.1.0 2.19 32.86 35.05 NOTE
r-devel-linux-x86_64-fedora-clang 0.1.0 59.50 OK
r-devel-linux-x86_64-fedora-gcc 0.1.0 68.27 OK
r-devel-windows-x86_64 0.1.0 4.00 61.00 65.00 OK
r-patched-linux-x86_64 0.1.0 2.91 34.73 37.64 OK
r-release-linux-x86_64 0.1.0 2.71 34.81 37.52 OK
r-release-macos-arm64 0.1.0 31.00 OK
r-release-macos-x86_64 0.1.0 54.00 OK
r-release-windows-x86_64 0.1.0 4.00 60.00 64.00 OK
r-oldrel-macos-arm64 0.1.0 27.00 OK
r-oldrel-macos-x86_64 0.1.0 47.00 OK
r-oldrel-windows-x86_64 0.1.0 4.00 65.00 69.00 OK

Check Details

Version: 0.1.0
Check: CRAN incoming feasibility
Result: NOTE Maintainer: ‘Aurélien Goutsmedt <agoutsmedt@hotmail.fr>’ Package CITATION file contains call(s) to old-style personList() or as.personList(). Please use c() on person objects instead. Package CITATION file contains call(s) to old-style citEntry(). Please use bibentry() instead. Flavors: r-devel-linux-x86_64-debian-clang, r-devel-linux-x86_64-debian-gcc