Last updated on 2025-04-30 04:50:00 CEST.
Flavor | Version | Tinstall | Tcheck | Ttotal | Status | Flags |
---|---|---|---|---|---|---|
r-devel-linux-x86_64-debian-clang | 2.0.3.1 | 13.59 | 112.06 | 125.65 | NOTE | |
r-devel-linux-x86_64-debian-gcc | 2.0.3.1 | 9.36 | 72.99 | 82.35 | NOTE | |
r-devel-linux-x86_64-fedora-clang | 2.0.3.1 | 187.25 | OK | |||
r-devel-linux-x86_64-fedora-gcc | 2.0.3.1 | 178.28 | OK | |||
r-devel-windows-x86_64 | 2.0.3.1 | 18.00 | 119.00 | 137.00 | NOTE | |
r-patched-linux-x86_64 | 2.0.3.1 | 15.75 | 106.51 | 122.26 | NOTE | |
r-release-linux-x86_64 | 2.0.3.1 | 14.33 | 102.89 | 117.22 | NOTE | |
r-release-macos-arm64 | 2.0.3.1 | 52.00 | OK | |||
r-release-macos-x86_64 | 2.0.3.1 | 101.00 | OK | |||
r-release-windows-x86_64 | 2.0.3.1 | 19.00 | 119.00 | 138.00 | NOTE | |
r-oldrel-macos-arm64 | 2.0.3.1 | 49.00 | OK | |||
r-oldrel-macos-x86_64 | 2.0.3.1 | 79.00 | OK | |||
r-oldrel-windows-x86_64 | 2.0.3.1 | 24.00 | 151.00 | 175.00 | OK |
Version: 2.0.3.1
Check: CRAN incoming feasibility
Result: NOTE
Maintainer: ‘Sebastian Kaiser <dr.sebastian.kaiser@gmail.com>’
No Authors@R field in DESCRIPTION.
Please add one, modifying
Authors@R: c(person(given = "Sebastian",
family = "Kaiser",
role = c("aut", "cre"),
email = "dr.sebastian.kaiser@gmail.com"),
person(given = "Rodrigo",
family = "Santamaria",
role = "aut"),
person(given = "Tatsiana",
family = "Khamiakova",
role = "aut"),
person(given = "Martin",
family = "Sill",
role = "aut"),
person(given = "Roberto",
family = "Theron",
role = "aut"),
person(given = "Luis",
family = "Quintales",
role = "aut"),
person(given = "Friedrich",
family = "Leisch",
role = "aut"),
person(given = "Ewoud",
family = "De Troyer",
role = "aut"),
person(given = "Sami",
family = "Leon.",
role = "aut"))
as necessary.
Flavors: r-devel-linux-x86_64-debian-clang, r-devel-linux-x86_64-debian-gcc
Version: 2.0.3.1
Check: Rd cross-references
Result: NOTE
Found the following Rd file(s) with Rd \link{} targets missing package
anchors:
diagnosticTest.Rd: additivityTests
Please provide package anchors for all Rd \link{} targets not in the
package itself and the base packages.
Flavors: r-devel-linux-x86_64-debian-clang, r-devel-linux-x86_64-debian-gcc, r-devel-windows-x86_64, r-patched-linux-x86_64, r-release-linux-x86_64, r-release-windows-x86_64
Version: 2.0.3.1
Check: examples
Result: NOTE
Examples with CPU (user + system) or elapsed time > 5s
user system elapsed
diagnosticPlot2 5.361 0.071 7.842
diagnosticPlot 5.040 0.118 6.805
diagnoseColRow 5.084 0.048 7.489
diagnosticTest 5.051 0.003 7.149
Flavor: r-devel-linux-x86_64-debian-clang