Last updated on 2025-04-30 04:50:00 CEST.
Flavor | Version | Tinstall | Tcheck | Ttotal | Status | Flags |
---|---|---|---|---|---|---|
r-devel-linux-x86_64-debian-clang | 0.2.3 | 9.41 | 142.32 | 151.73 | NOTE | |
r-devel-linux-x86_64-debian-gcc | 0.2.3 | 6.28 | 92.26 | 98.54 | NOTE | |
r-devel-linux-x86_64-fedora-clang | 0.2.3 | 225.04 | NOTE | |||
r-devel-linux-x86_64-fedora-gcc | 0.2.3 | 225.93 | NOTE | |||
r-devel-windows-x86_64 | 0.2.3 | 11.00 | 144.00 | 155.00 | OK | |
r-patched-linux-x86_64 | 0.2.3 | 8.81 | 133.33 | 142.14 | OK | |
r-release-linux-x86_64 | 0.2.3 | 8.06 | 130.80 | 138.86 | OK | |
r-release-macos-arm64 | 0.2.3 | 62.00 | OK | |||
r-release-macos-x86_64 | 0.2.3 | 186.00 | OK | |||
r-release-windows-x86_64 | 0.2.3 | 12.00 | 140.00 | 152.00 | OK | |
r-oldrel-macos-arm64 | 0.2.3 | 61.00 | OK | |||
r-oldrel-macos-x86_64 | 0.2.3 | 116.00 | OK | |||
r-oldrel-windows-x86_64 | 0.2.3 | 13.00 | 191.00 | 204.00 | OK |
Version: 0.2.3
Check: examples
Result: NOTE
Examples with CPU (user + system) or elapsed time > 5s
user system elapsed
tune_biclustermd 3.142 0.065 10.388
Flavor: r-devel-linux-x86_64-debian-clang
Version: 0.2.3
Check: examples
Result: NOTE
Examples with CPU (user + system) or elapsed time > 5s
user system elapsed
tune_biclustermd 1.658 0.076 6.368
Flavor: r-devel-linux-x86_64-debian-gcc
Version: 0.2.3
Check: dependencies in R code
Result: NOTE
Namespace in Imports field not imported from: ‘nycflights13’
All declared Imports should be used.
Flavors: r-devel-linux-x86_64-fedora-clang, r-devel-linux-x86_64-fedora-gcc