CRAN Package Check Results for Package bigDM

Last updated on 2025-04-30 04:50:00 CEST.

Flavor Version Tinstall Tcheck Ttotal Status Flags
r-devel-linux-x86_64-debian-clang 0.5.6 23.43 123.41 146.84 NOTE
r-devel-linux-x86_64-debian-gcc 0.5.6 17.92 89.50 107.42 NOTE
r-devel-linux-x86_64-fedora-clang 0.5.6 243.01 OK
r-devel-linux-x86_64-fedora-gcc 0.5.6 234.72 OK
r-devel-windows-x86_64 0.5.6 25.00 134.00 159.00 OK
r-patched-linux-x86_64 0.5.6 23.95 118.25 142.20 OK
r-release-linux-x86_64 0.5.6 23.09 115.94 139.03 OK
r-release-macos-arm64 0.5.6 74.00 OK
r-release-macos-x86_64 0.5.6 154.00 OK
r-release-windows-x86_64 0.5.6 27.00 133.00 160.00 OK
r-oldrel-macos-arm64 0.5.6 67.00 NOTE
r-oldrel-macos-x86_64 0.5.6 130.00 NOTE
r-oldrel-windows-x86_64 0.5.6 29.00 167.00 196.00 OK

Check Details

Version: 0.5.6
Check: examples
Result: NOTE Examples with CPU (user + system) or elapsed time > 5s user system elapsed add_neighbour 8.292 0.163 10.772 Flavor: r-devel-linux-x86_64-debian-clang

Version: 0.5.6
Check: examples
Result: NOTE Examples with CPU (user + system) or elapsed time > 5s user system elapsed add_neighbour 4.736 0.148 6.12 Flavor: r-devel-linux-x86_64-debian-gcc

Version: 0.5.6
Check: package dependencies
Result: NOTE Package suggested but not available for checking: ‘INLA’ Flavors: r-oldrel-macos-arm64, r-oldrel-macos-x86_64

Version: 0.5.6
Check: installed package size
Result: NOTE installed size is 5.6Mb sub-directories of 1Mb or more: data 5.2Mb Flavors: r-oldrel-macos-arm64, r-oldrel-macos-x86_64