CRAN Package Check Results for Package bigQF

Last updated on 2025-04-30 04:50:00 CEST.

Flavor Version Tinstall Tcheck Ttotal Status Flags
r-devel-linux-x86_64-debian-clang 1.6 10.46 136.78 147.24 NOTE
r-devel-linux-x86_64-debian-gcc 1.6 7.72 110.72 118.44 NOTE
r-devel-linux-x86_64-fedora-clang 1.6 220.00 NOTE
r-devel-linux-x86_64-fedora-gcc 1.6 237.58 NOTE
r-devel-windows-x86_64 1.6 13.00 154.00 167.00 NOTE
r-patched-linux-x86_64 1.6 10.86 137.25 148.11 NOTE
r-release-linux-x86_64 1.6 9.83 136.46 146.29 NOTE
r-release-macos-arm64 1.6 115.00 NOTE
r-release-macos-x86_64 1.6 186.00 NOTE
r-release-windows-x86_64 1.6 15.00 157.00 172.00 NOTE
r-oldrel-macos-arm64 1.6 89.00 NOTE
r-oldrel-macos-x86_64 1.6 160.00 NOTE
r-oldrel-windows-x86_64 1.6 15.00 186.00 201.00 NOTE

Check Details

Version: 1.6
Check: CRAN incoming feasibility
Result: NOTE Maintainer: ‘Thomas Lumley <t.lumley@auckland.ac.nz>’ No Authors@R field in DESCRIPTION. Please add one, modifying Authors@R: person(given = "Thomas", family = "Lumley", role = c("aut", "cre"), email = "t.lumley@auckland.ac.nz") as necessary. Flavors: r-devel-linux-x86_64-debian-clang, r-devel-linux-x86_64-debian-gcc

Version: 1.6
Check: Rd files
Result: NOTE checkRd: (-1) pQF.Rd:30: Lost braces; missing escapes or markup? 30 | When \code{M} is not square, a randomised estimator for the trace of \code{crossprod(M)^2} is used. This is the sample size. When \code{M} is of \code{"matrixfree"} and does not include the trace of {crossprod(M)} as a component, this sample size will also be used to compute that. See Hutchinson reference. } | ^ Flavors: r-devel-linux-x86_64-debian-clang, r-devel-linux-x86_64-debian-gcc, r-devel-linux-x86_64-fedora-clang, r-devel-linux-x86_64-fedora-gcc, r-devel-windows-x86_64, r-patched-linux-x86_64, r-release-linux-x86_64, r-release-macos-arm64, r-release-macos-x86_64, r-release-windows-x86_64, r-oldrel-macos-arm64, r-oldrel-macos-x86_64, r-oldrel-windows-x86_64

Version: 1.6
Check: examples
Result: NOTE Examples with CPU (user + system) or elapsed time > 5s user system elapsed sparse.matrixfree 4.611 0.248 5.727 Flavor: r-devel-linux-x86_64-debian-clang

Version: 1.6
Check: examples
Result: NOTE Examples with CPU (user + system) or elapsed time > 5s user system elapsed sparse.matrixfree 4.184 0.047 5.101 Flavor: r-devel-linux-x86_64-debian-gcc