Last updated on 2025-04-30 04:50:00 CEST.
Flavor | Version | Tinstall | Tcheck | Ttotal | Status | Flags |
---|---|---|---|---|---|---|
r-devel-linux-x86_64-debian-clang | 1.9.1 | 2.72 | 41.95 | 44.67 | NOTE | |
r-devel-linux-x86_64-debian-gcc | 1.9.1 | 2.52 | 29.91 | 32.43 | NOTE | |
r-devel-linux-x86_64-fedora-clang | 1.9.1 | 70.61 | OK | |||
r-devel-linux-x86_64-fedora-gcc | 1.9.1 | 67.56 | OK | |||
r-devel-windows-x86_64 | 1.9.1 | 5.00 | 72.00 | 77.00 | OK | |
r-patched-linux-x86_64 | 1.9.1 | 3.83 | 38.73 | 42.56 | OK | |
r-release-linux-x86_64 | 1.9.1 | 3.69 | 38.55 | 42.24 | OK | |
r-release-macos-arm64 | 1.9.1 | 38.00 | OK | |||
r-release-macos-x86_64 | 1.9.1 | 53.00 | OK | |||
r-release-windows-x86_64 | 1.9.1 | 5.00 | 66.00 | 71.00 | OK | |
r-oldrel-macos-arm64 | 1.9.1 | 25.00 | NOTE | |||
r-oldrel-macos-x86_64 | 1.9.1 | 43.00 | NOTE | |||
r-oldrel-windows-x86_64 | 1.9.1 | 5.00 | 74.00 | 79.00 | NOTE |
Version: 1.9.1
Check: CRAN incoming feasibility
Result: NOTE
Maintainer: ‘Wojciech Rosa <w.rosa@pollub.pl>’
No Authors@R field in DESCRIPTION.
Please add one, modifying
Authors@R: person(given = "Wojciech",
family = "Rosa",
role = c("aut", "cre"),
email = "w.rosa@pollub.pl")
as necessary.
Flavors: r-devel-linux-x86_64-debian-clang, r-devel-linux-x86_64-debian-gcc
Version: 1.9.1
Check: examples
Result: NOTE
Examples with CPU (user + system) or elapsed time > 5s
user system elapsed
player_profile 6.629 0.004 7.528
Flavor: r-devel-linux-x86_64-debian-clang
Version: 1.9.1
Check: package dependencies
Result: NOTE
Package suggested but not available for checking: ‘ffbase’
Flavors: r-oldrel-macos-arm64, r-oldrel-macos-x86_64, r-oldrel-windows-x86_64