CRAN Package Check Results for Package bigergm

Last updated on 2025-04-30 04:50:00 CEST.

Flavor Version Tinstall Tcheck Ttotal Status Flags
r-devel-linux-x86_64-debian-clang 1.2.4 92.13 388.35 480.48 NOTE
r-devel-linux-x86_64-debian-gcc 1.2.4 68.46 268.06 336.52 OK
r-devel-linux-x86_64-fedora-clang 1.2.4 764.52 OK
r-devel-linux-x86_64-fedora-gcc 1.2.4 704.18 OK
r-devel-windows-x86_64 1.2.4 103.00 329.00 432.00 OK
r-patched-linux-x86_64 1.2.4 89.94 344.66 434.60 OK
r-release-linux-x86_64 1.2.4 82.09 344.86 426.95 OK
r-release-macos-arm64 1.2.4 181.00 OK
r-release-macos-x86_64 1.2.4 266.00 OK
r-release-windows-x86_64 1.2.4 104.00 335.00 439.00 OK
r-oldrel-macos-arm64 1.2.4 190.00 NOTE
r-oldrel-macos-x86_64 1.2.4 289.00 NOTE
r-oldrel-windows-x86_64 1.2.4 120.00 456.00 576.00 OK

Check Details

Version: 1.2.4
Check: examples
Result: NOTE Examples with CPU (user + system) or elapsed time > 5s user system elapsed bigergm 5.41 0.203 3.932 Flavor: r-devel-linux-x86_64-debian-clang

Version: 1.2.4
Check: installed package size
Result: NOTE installed size is 8.5Mb sub-directories of 1Mb or more: data 1.4Mb libs 6.2Mb Flavors: r-oldrel-macos-arm64, r-oldrel-macos-x86_64