CRAN Package Check Results for Package biglasso

Last updated on 2025-04-30 04:50:00 CEST.

Flavor Version Tinstall Tcheck Ttotal Status Flags
r-devel-linux-x86_64-debian-clang 1.6.1 91.32 97.02 188.34 OK
r-devel-linux-x86_64-debian-gcc 1.6.1 63.37 72.56 135.93 OK
r-devel-linux-x86_64-fedora-clang 1.6.1 324.89 OK
r-devel-linux-x86_64-fedora-gcc 1.6.1 331.93 OK
r-devel-windows-x86_64 1.6.1 111.00 160.00 271.00 OK
r-patched-linux-x86_64 1.6.1 88.36 91.68 180.04 OK
r-release-linux-x86_64 1.6.1 89.35 93.40 182.75 OK
r-release-macos-arm64 1.6.1 113.00 OK
r-release-macos-x86_64 1.6.1 155.00 OK
r-release-windows-x86_64 1.6.1 110.00 163.00 273.00 OK
r-oldrel-macos-arm64 1.6.1 87.00 NOTE
r-oldrel-macos-x86_64 1.6.1 158.00 NOTE
r-oldrel-windows-x86_64 1.6.1 123.00 194.00 317.00 OK

Check Details

Version: 1.6.1
Check: installed package size
Result: NOTE installed size is 6.3Mb sub-directories of 1Mb or more: libs 5.4Mb Flavors: r-oldrel-macos-arm64, r-oldrel-macos-x86_64