Last updated on 2025-04-29 04:49:57 CEST.
Flavor | Version | Tinstall | Tcheck | Ttotal | Status | Flags |
---|---|---|---|---|---|---|
r-devel-linux-x86_64-debian-clang | 1.2.2 | 82.79 | 39.26 | 122.05 | OK | |
r-devel-linux-x86_64-debian-gcc | 1.2.2 | 67.76 | 31.27 | 99.03 | OK | |
r-devel-linux-x86_64-fedora-gcc | 1.2.2 | 234.12 | OK | |||
r-devel-windows-x86_64 | 1.2.2 | 578.00 | 227.00 | 805.00 | OK | |
r-patched-linux-x86_64 | 1.2.2 | 93.44 | 37.49 | 130.93 | OK | |
r-release-linux-x86_64 | 1.2.2 | 90.24 | 37.27 | 127.51 | OK | |
r-release-macos-arm64 | 1.2.2 | 77.00 | OK | |||
r-release-macos-x86_64 | 1.2.2 | 95.00 | OK | |||
r-release-windows-x86_64 | 1.2.2 | 582.00 | 212.00 | 794.00 | OK | |
r-oldrel-macos-arm64 | 1.2.2 | 74.00 | NOTE | |||
r-oldrel-macos-x86_64 | 1.2.2 | 87.00 | NOTE | |||
r-oldrel-windows-x86_64 | 1.2.2 | 555.00 | 281.00 | 836.00 | NOTE |
Version: 1.2.2
Check: installed package size
Result: NOTE
installed size is 28.2Mb
sub-directories of 1Mb or more:
libs 28.1Mb
Flavors: r-oldrel-macos-arm64, r-oldrel-macos-x86_64, r-oldrel-windows-x86_64