Last updated on 2025-04-30 04:50:00 CEST.
Flavor | Version | Tinstall | Tcheck | Ttotal | Status | Flags |
---|---|---|---|---|---|---|
r-devel-linux-x86_64-debian-clang | 1.12.18 | 158.76 | 383.26 | 542.02 | NOTE | |
r-devel-linux-x86_64-debian-gcc | 1.12.18 | 110.72 | 268.44 | 379.16 | NOTE | |
r-devel-linux-x86_64-fedora-clang | 1.12.18 | 976.22 | OK | |||
r-devel-linux-x86_64-fedora-gcc | 1.12.18 | 949.16 | OK | |||
r-devel-windows-x86_64 | 1.12.18 | 266.00 | 375.00 | 641.00 | OK | |
r-patched-linux-x86_64 | 1.12.18 | 166.44 | 372.33 | 538.77 | OK | |
r-release-linux-x86_64 | 1.12.18 | 152.89 | 371.92 | 524.81 | OK | |
r-release-macos-arm64 | 1.12.18 | 220.00 | OK | |||
r-release-macos-x86_64 | 1.12.18 | 639.00 | OK | |||
r-release-windows-x86_64 | 1.12.18 | 268.00 | 376.00 | 644.00 | OK | |
r-oldrel-macos-arm64 | 1.12.18 | 232.00 | NOTE | |||
r-oldrel-macos-x86_64 | 1.12.18 | 396.00 | NOTE | |||
r-oldrel-windows-x86_64 | 1.12.18 | 292.00 | 514.00 | 806.00 | OK |
Version: 1.12.18
Check: examples
Result: NOTE
Examples with CPU (user + system) or elapsed time > 5s
user system elapsed
snp_clumping 7.641 0.016 10.357
snp_autoSVD 7.526 0.035 11.158
snp_PRS 3.964 0.060 6.223
bed_randomSVD 3.964 0.030 5.107
snp_pcadapt 2.971 0.681 5.621
Flavor: r-devel-linux-x86_64-debian-clang
Version: 1.12.18
Check: examples
Result: NOTE
Examples with CPU (user + system) or elapsed time > 5s
user system elapsed
snp_clumping 7.768 0.011 10.424
snp_autoSVD 7.061 0.070 9.664
Flavor: r-devel-linux-x86_64-debian-gcc
Version: 1.12.18
Check: installed package size
Result: NOTE
installed size is 9.7Mb
sub-directories of 1Mb or more:
libs 8.3Mb
Flavors: r-oldrel-macos-arm64, r-oldrel-macos-x86_64