Last updated on 2025-04-30 04:50:00 CEST.
Flavor | Version | Tinstall | Tcheck | Ttotal | Status | Flags |
---|---|---|---|---|---|---|
r-devel-linux-x86_64-debian-clang | 1.1-1 | 17.36 | 83.13 | 100.49 | NOTE | |
r-devel-linux-x86_64-debian-gcc | 1.1-1 | 11.68 | 55.54 | 67.22 | NOTE | |
r-devel-linux-x86_64-fedora-clang | 1.1-1 | 162.17 | OK | |||
r-devel-linux-x86_64-fedora-gcc | 1.1-1 | 154.93 | OK | |||
r-devel-windows-x86_64 | 1.1-1 | 21.00 | 103.00 | 124.00 | OK | |
r-patched-linux-x86_64 | 1.1-1 | 16.44 | 80.59 | 97.03 | OK | |
r-release-linux-x86_64 | 1.1-1 | 15.89 | 81.35 | 97.24 | OK | |
r-release-macos-arm64 | 1.1-1 | 49.00 | OK | |||
r-release-macos-x86_64 | 1.1-1 | 151.00 | OK | |||
r-release-windows-x86_64 | 1.1-1 | 22.00 | 107.00 | 129.00 | OK | |
r-oldrel-macos-arm64 | 1.1-1 | 50.00 | OK | |||
r-oldrel-macos-x86_64 | 1.1-1 | 76.00 | OK | |||
r-oldrel-windows-x86_64 | 1.1-1 | 21.00 | 99.00 | 120.00 | OK |
Version: 1.1-1
Check: CRAN incoming feasibility
Result: NOTE
Maintainer: ‘Nathaniel E. Helwig <helwig@umn.edu>’
No Authors@R field in DESCRIPTION.
Please add one, modifying
Authors@R: person(given = c("Nathaniel", "E."),
family = "Helwig",
role = c("aut", "cre"),
email = "helwig@umn.edu")
as necessary.
Found the following URLs which should use \doi (with the DOI name only):
File ‘bigsplines-package.Rd’:
http://dx.doi.org/10.3389/fams.2017.00015
File ‘bigssa.Rd’:
http://dx.doi.org/10.3389/fams.2017.00015
File ‘bigssg.Rd’:
http://dx.doi.org/10.3389/fams.2017.00015
File ‘bigssp.Rd’:
http://dx.doi.org/10.3389/fams.2017.00015
File ‘bigtps.Rd’:
http://dx.doi.org/10.3389/fams.2017.00015
File ‘makessa.Rd’:
http://dx.doi.org/10.3389/fams.2017.00015
File ‘makessg.Rd’:
http://dx.doi.org/10.3389/fams.2017.00015
File ‘makessp.Rd’:
http://dx.doi.org/10.3389/fams.2017.00015
File ‘ordspline.Rd’:
http://dx.doi.org/10.3389/fams.2017.00015
File ‘predict.bigspline.Rd’:
http://dx.doi.org/10.3389/fams.2017.00015
File ‘predict.bigssa.Rd’:
http://dx.doi.org/10.3389/fams.2017.00015
File ‘predict.bigssg.Rd’:
http://dx.doi.org/10.3389/fams.2017.00015
File ‘predict.bigssp.Rd’:
http://dx.doi.org/10.3389/fams.2017.00015
File ‘predict.bigtps.Rd’:
http://dx.doi.org/10.3389/fams.2017.00015
File ‘predict.ordspline.Rd’:
http://dx.doi.org/10.3389/fams.2017.00015
File ‘ssBasis.Rd’:
http://dx.doi.org/10.3389/fams.2017.00015
Flavors: r-devel-linux-x86_64-debian-clang, r-devel-linux-x86_64-debian-gcc