CRAN Package Check Results for Package bigtabulate

Last updated on 2025-04-29 04:49:57 CEST.

Flavor Version Tinstall Tcheck Ttotal Status Flags
r-devel-linux-x86_64-debian-clang 1.1.9 15.37 31.72 47.09 OK
r-devel-linux-x86_64-debian-gcc 1.1.9 14.02 24.53 38.55 NOTE
r-devel-linux-x86_64-fedora-clang 1.1.9 77.85 OK
r-devel-linux-x86_64-fedora-gcc 1.1.9 85.65 OK
r-devel-windows-x86_64 1.1.9 30.00 69.00 99.00 OK
r-patched-linux-x86_64 1.1.9 19.73 30.43 50.16 OK
r-release-linux-x86_64 1.1.9 20.16 30.68 50.84 OK
r-release-macos-arm64 1.1.9 46.00 OK
r-release-macos-x86_64 1.1.9 54.00 OK
r-release-windows-x86_64 1.1.9 31.00 71.00 102.00 OK
r-oldrel-macos-arm64 1.1.9 28.00 OK
r-oldrel-macos-x86_64 1.1.9 44.00 OK
r-oldrel-windows-x86_64 1.1.9 35.00 81.00 116.00 OK

Check Details

Version: 1.1.9
Check: CRAN incoming feasibility
Result: NOTE Maintainer: ‘Michael J. Kane <bigmemoryauthors@gmail.com>’ No Authors@R field in DESCRIPTION. Please add one, modifying Authors@R: c(person(given = c("Michael", "J."), family = "Kane", role = c("aut", "cre"), email = "kaneplusplus@gmail.com"), person(given = c("John", "W."), family = "Emerson", role = "aut", email = "jayemerson@gmail.com")) as necessary. Flavor: r-devel-linux-x86_64-debian-gcc