Last updated on 2025-04-30 04:50:00 CEST.
Flavor | Version | Tinstall | Tcheck | Ttotal | Status | Flags |
---|---|---|---|---|---|---|
r-devel-linux-x86_64-debian-clang | 0.2.3 | 51.37 | 50.26 | 101.63 | OK | |
r-devel-linux-x86_64-debian-gcc | 0.2.3 | 34.98 | 36.88 | 71.86 | OK | |
r-devel-linux-x86_64-fedora-clang | 0.2.3 | 176.73 | OK | |||
r-devel-linux-x86_64-fedora-gcc | 0.2.3 | 173.09 | OK | |||
r-devel-windows-x86_64 | 0.2.3 | 59.00 | 97.00 | 156.00 | OK | |
r-patched-linux-x86_64 | 0.2.3 | 52.46 | 48.81 | 101.27 | OK | |
r-release-linux-x86_64 | 0.2.3 | 49.37 | 48.27 | 97.64 | OK | |
r-release-macos-arm64 | 0.2.3 | 43.00 | OK | |||
r-release-macos-x86_64 | 0.2.3 | 94.00 | OK | |||
r-release-windows-x86_64 | 0.2.3 | 62.00 | 88.00 | 150.00 | OK | |
r-oldrel-macos-arm64 | 0.2.3 | 44.00 | NOTE | |||
r-oldrel-macos-x86_64 | 0.2.3 | 54.00 | NOTE | |||
r-oldrel-windows-x86_64 | 0.2.3 | 66.00 | 110.00 | 176.00 | OK |
Version: 0.2.3
Check: installed package size
Result: NOTE
installed size is 5.6Mb
sub-directories of 1Mb or more:
libs 4.6Mb
Flavors: r-oldrel-macos-arm64, r-oldrel-macos-x86_64