Last updated on 2025-04-30 04:50:00 CEST.
Flavor | Version | Tinstall | Tcheck | Ttotal | Status | Flags |
---|---|---|---|---|---|---|
r-devel-linux-x86_64-debian-clang | 0.1.0 | 3.43 | 18.65 | 22.08 | NOTE | |
r-devel-linux-x86_64-debian-gcc | 0.1.0 | 2.55 | 15.34 | 17.89 | NOTE | |
r-devel-linux-x86_64-fedora-clang | 0.1.0 | 34.04 | NOTE | |||
r-devel-linux-x86_64-fedora-gcc | 0.1.0 | 32.15 | NOTE | |||
r-devel-windows-x86_64 | 0.1.0 | 5.00 | 44.00 | 49.00 | OK | |
r-patched-linux-x86_64 | 0.1.0 | 3.19 | 18.08 | 21.27 | OK | |
r-release-linux-x86_64 | 0.1.0 | 3.10 | 17.89 | 20.99 | OK | |
r-release-macos-arm64 | 0.1.0 | 22.00 | OK | |||
r-release-macos-x86_64 | 0.1.0 | 30.00 | OK | |||
r-release-windows-x86_64 | 0.1.0 | 5.00 | 41.00 | 46.00 | OK | |
r-oldrel-macos-arm64 | 0.1.0 | 17.00 | OK | |||
r-oldrel-macos-x86_64 | 0.1.0 | 29.00 | OK | |||
r-oldrel-windows-x86_64 | 0.1.0 | 6.00 | 43.00 | 49.00 | OK |
Version: 0.1.0
Check: CRAN incoming feasibility
Result: NOTE
Maintainer: ‘Mikkel Freltoft Krogsholm <mikkel@56n.dk>’
No Authors@R field in DESCRIPTION.
Please add one, modifying
Authors@R: person(given = c("Mikkel", "Freltoft"),
family = "Krogsholm",
role = c("aut", "cre"),
email = "mikkel@56n.dk")
as necessary.
Flavors: r-devel-linux-x86_64-debian-clang, r-devel-linux-x86_64-debian-gcc
Version: 0.1.0
Check: dependencies in R code
Result: NOTE
Namespace in Imports field not imported from: ‘tibble’
All declared Imports should be used.
Flavors: r-devel-linux-x86_64-fedora-clang, r-devel-linux-x86_64-fedora-gcc