CRAN Package Check Results for Package binGroup

Last updated on 2025-04-30 04:50:00 CEST.

Flavor Version Tinstall Tcheck Ttotal Status Flags
r-devel-linux-x86_64-debian-clang 2.2-1 17.58 100.80 118.38 NOTE
r-devel-linux-x86_64-debian-gcc 2.2-1 10.98 64.80 75.78 NOTE
r-devel-linux-x86_64-fedora-clang 2.2-1 192.50 OK
r-devel-linux-x86_64-fedora-gcc 2.2-1 187.05 OK
r-devel-windows-x86_64 2.2-1 17.00 121.00 138.00 OK
r-patched-linux-x86_64 2.2-1 21.13 98.55 119.68 OK
r-release-linux-x86_64 2.2-1 15.27 94.56 109.83 OK
r-release-macos-arm64 2.2-1 46.00 OK
r-release-macos-x86_64 2.2-1 90.00 OK
r-release-windows-x86_64 2.2-1 17.00 117.00 134.00 OK
r-oldrel-macos-arm64 2.2-1 44.00 OK
r-oldrel-macos-x86_64 2.2-1 71.00 OK
r-oldrel-windows-x86_64 2.2-1 22.00 136.00 158.00 OK

Check Details

Version: 2.2-1
Check: CRAN incoming feasibility
Result: NOTE Maintainer: ‘Frank Schaarschmidt <schaarschmidt@biostat.uni-hannover.de>’ File 'R/binGroup-internal.R' sets .Random.seed. This is usually neither needed nor wanted. Flavors: r-devel-linux-x86_64-debian-clang, r-devel-linux-x86_64-debian-gcc