Last updated on 2025-04-30 04:50:00 CEST.
Flavor | Version | Tinstall | Tcheck | Ttotal | Status | Flags |
---|---|---|---|---|---|---|
r-devel-linux-x86_64-debian-clang | 0.0-7 | 2.54 | 25.83 | 28.37 | NOTE | |
r-devel-linux-x86_64-debian-gcc | 0.0-7 | 1.86 | 19.65 | 21.51 | NOTE | |
r-devel-linux-x86_64-fedora-clang | 0.0-7 | 45.03 | OK | |||
r-devel-linux-x86_64-fedora-gcc | 0.0-7 | 43.35 | OK | |||
r-devel-windows-x86_64 | 0.0-7 | 4.00 | 48.00 | 52.00 | OK | |
r-patched-linux-x86_64 | 0.0-7 | 2.50 | 24.88 | 27.38 | OK | |
r-release-linux-x86_64 | 0.0-7 | 2.74 | 24.58 | 27.32 | OK | |
r-release-macos-arm64 | 0.0-7 | 18.00 | OK | |||
r-release-macos-x86_64 | 0.0-7 | 45.00 | OK | |||
r-release-windows-x86_64 | 0.0-7 | 5.00 | 48.00 | 53.00 | OK | |
r-oldrel-macos-arm64 | 0.0-7 | 19.00 | OK | |||
r-oldrel-macos-x86_64 | 0.0-7 | 25.00 | OK | |||
r-oldrel-windows-x86_64 | 0.0-7 | 4.00 | 53.00 | 57.00 | OK |
Version: 0.0-7
Check: CRAN incoming feasibility
Result: NOTE
Maintainer: ‘Frank Schaarschmidt <schaarschmidt@biostat.uni-hannover.de>’
No Authors@R field in DESCRIPTION.
Please add one, modifying
Authors@R: person(given = "Frank",
family = "Schaarschmidt",
role = c("aut", "cre"),
email = "schaarschmidt@biostat.uni-hannover.de")
as necessary.
Flavors: r-devel-linux-x86_64-debian-clang, r-devel-linux-x86_64-debian-gcc