CRAN Package Check Results for Package binovisualfields

Last updated on 2025-02-21 03:52:07 CET.

Flavor Version Tinstall Tcheck Ttotal Status Flags
r-devel-linux-x86_64-debian-clang 0.1.1 1.66 24.89 26.55 OK
r-devel-linux-x86_64-debian-gcc 0.1.1 1.55 20.35 21.90 OK
r-devel-linux-x86_64-fedora-clang 0.1.1 43.72 NOTE
r-devel-linux-x86_64-fedora-gcc 0.1.1 56.59 NOTE
r-devel-macos-arm64 0.1.1 27.00 OK
r-devel-macos-x86_64 0.1.1 41.00 OK
r-devel-windows-x86_64 0.1.1 5.00 48.00 53.00 OK
r-patched-linux-x86_64 0.1.1 2.24 24.05 26.29 NOTE
r-release-linux-x86_64 0.1.1 2.16 23.94 26.10 NOTE
r-release-macos-arm64 0.1.1 24.00 NOTE
r-release-macos-x86_64 0.1.1 37.00 NOTE
r-release-windows-x86_64 0.1.1 4.00 48.00 52.00 NOTE
r-oldrel-macos-arm64 0.1.1 29.00 NOTE
r-oldrel-macos-x86_64 0.1.1 33.00 NOTE
r-oldrel-windows-x86_64 0.1.1 4.00 52.00 56.00 NOTE

Check Details

Version: 0.1.1
Check: dependencies in R code
Result: NOTE Namespace in Imports field not imported from: ‘gtools’ All declared Imports should be used. Flavors: r-devel-linux-x86_64-fedora-clang, r-devel-linux-x86_64-fedora-gcc

Version: 0.1.1
Check: LazyData
Result: NOTE 'LazyData' is specified without a 'data' directory Flavors: r-patched-linux-x86_64, r-release-linux-x86_64, r-release-macos-arm64, r-release-macos-x86_64, r-release-windows-x86_64, r-oldrel-macos-arm64, r-oldrel-macos-x86_64, r-oldrel-windows-x86_64