Last updated on 2025-04-30 04:50:00 CEST.
Flavor | Version | Tinstall | Tcheck | Ttotal | Status | Flags |
---|---|---|---|---|---|---|
r-devel-linux-x86_64-debian-clang | 1.0.4 | 5.15 | 36.95 | 42.10 | NOTE | |
r-devel-linux-x86_64-debian-gcc | 1.0.4 | 3.64 | 27.85 | 31.49 | NOTE | |
r-devel-linux-x86_64-fedora-clang | 1.0.4 | 70.39 | OK | |||
r-devel-linux-x86_64-fedora-gcc | 1.0.4 | 77.21 | OK | |||
r-devel-windows-x86_64 | 1.0.4 | 6.00 | 69.00 | 75.00 | OK | |
r-patched-linux-x86_64 | 1.0.4 | 5.69 | 35.50 | 41.19 | OK | |
r-release-linux-x86_64 | 1.0.4 | 5.53 | 35.13 | 40.66 | OK | |
r-release-macos-arm64 | 1.0.4 | 53.00 | OK | |||
r-release-macos-x86_64 | 1.0.4 | 53.00 | OK | |||
r-release-windows-x86_64 | 1.0.4 | 7.00 | 67.00 | 74.00 | OK | |
r-oldrel-macos-arm64 | 1.0.4 | 27.00 | OK | |||
r-oldrel-macos-x86_64 | 1.0.4 | 47.00 | OK | |||
r-oldrel-windows-x86_64 | 1.0.4 | 6.00 | 67.00 | 73.00 | OK |
Version: 1.0.4
Check: CRAN incoming feasibility
Result: NOTE
Maintainer: ‘Michael P. Fay <mfay@niaid.nih.gov>’
No Authors@R field in DESCRIPTION.
Please add one, modifying
Authors@R: c(person(given = "Jenn",
family = "Kirk",
role = "aut"),
person(given = c("Michael", "P."),
family = "Fay",
role = c("aut", "cre"),
email = "mfay@niaid.nih.gov"))
as necessary.
Flavors: r-devel-linux-x86_64-debian-clang, r-devel-linux-x86_64-debian-gcc