Last updated on 2025-04-30 04:50:00 CEST.
Flavor | Version | Tinstall | Tcheck | Ttotal | Status | Flags |
---|---|---|---|---|---|---|
r-devel-linux-x86_64-debian-clang | 0.2.0 | 77.56 | 126.10 | 203.66 | NOTE | |
r-devel-linux-x86_64-debian-gcc | 0.2.0 | 63.68 | 87.74 | 151.42 | OK | |
r-devel-linux-x86_64-fedora-clang | 0.2.0 | 370.60 | OK | |||
r-devel-linux-x86_64-fedora-gcc | 0.2.0 | 390.99 | OK | |||
r-devel-windows-x86_64 | 0.2.0 | 83.00 | 166.00 | 249.00 | OK | |
r-patched-linux-x86_64 | 0.2.0 | 72.71 | 121.01 | 193.72 | OK | |
r-release-linux-x86_64 | 0.2.0 | 79.66 | 119.04 | 198.70 | OK | |
r-release-macos-arm64 | 0.2.0 | 83.00 | OK | |||
r-release-macos-x86_64 | 0.2.0 | 20.00 | ERROR | |||
r-release-windows-x86_64 | 0.2.0 | 82.00 | 168.00 | 250.00 | OK | |
r-oldrel-macos-arm64 | 0.2.0 | 89.00 | NOTE | |||
r-oldrel-macos-x86_64 | 0.2.0 | 26.00 | ERROR | |||
r-oldrel-windows-x86_64 | 0.2.0 | 101.00 | 206.00 | 307.00 | OK |
Version: 0.2.0
Check: examples
Result: NOTE
Examples with CPU (user + system) or elapsed time > 5s
user system elapsed
estintp 5.440 0.070 7.346
re_estimate 4.562 0.074 5.482
plot_outputs 4.460 0.071 5.216
print_outputs 4.250 0.047 5.062
Flavor: r-devel-linux-x86_64-debian-clang
Version: 0.2.0
Check: whether package can be installed
Result: ERROR
Installation failed.
Flavors: r-release-macos-x86_64, r-oldrel-macos-x86_64
Version: 0.2.0
Check: installed package size
Result: NOTE
installed size is 6.5Mb
sub-directories of 1Mb or more:
data 1.1Mb
libs 5.2Mb
Flavor: r-oldrel-macos-arm64