CRAN Package Check Results for Package bioSNR

Last updated on 2025-04-30 04:50:00 CEST.

Flavor Version Tinstall Tcheck Ttotal Status Flags
r-devel-linux-x86_64-debian-clang 1.0 2.50 43.01 45.51 NOTE
r-devel-linux-x86_64-debian-gcc 1.0 1.50 32.56 34.06 OK
r-devel-linux-x86_64-fedora-clang 1.0 74.11 OK
r-devel-linux-x86_64-fedora-gcc 1.0 81.53 OK
r-devel-windows-x86_64 1.0 4.00 64.00 68.00 OK
r-patched-linux-x86_64 1.0 2.44 41.12 43.56 OK
r-release-linux-x86_64 1.0 2.36 40.30 42.66 OK
r-release-macos-arm64 1.0 43.00 OK
r-release-macos-x86_64 1.0 55.00 OK
r-release-windows-x86_64 1.0 4.00 62.00 66.00 OK
r-oldrel-macos-arm64 1.0 31.00 OK
r-oldrel-macos-x86_64 1.0 46.00 OK
r-oldrel-windows-x86_64 1.0 5.00 73.00 78.00 OK

Check Details

Version: 1.0
Check: examples
Result: NOTE Examples with CPU (user + system) or elapsed time > 5s user system elapsed specLvlGraph 4.519 0.183 5.333 Flavor: r-devel-linux-x86_64-debian-clang