CRAN Package Check Results for Package bioacoustics

Last updated on 2025-04-30 04:50:00 CEST.

Flavor Version Tinstall Tcheck Ttotal Status Flags
r-devel-linux-x86_64-debian-clang 0.2.8 60.04 57.10 117.14 NOTE
r-devel-linux-x86_64-debian-gcc 0.2.8 41.79 41.86 83.65 NOTE
r-devel-linux-x86_64-fedora-clang 0.2.8 223.08 NOTE
r-devel-linux-x86_64-fedora-gcc 0.2.8 218.15 NOTE
r-devel-windows-x86_64 0.2.8 73.00 97.00 170.00 NOTE
r-patched-linux-x86_64 0.2.8 58.88 53.04 111.92 NOTE
r-release-linux-x86_64 0.2.8 59.96 53.64 113.60 NOTE
r-release-macos-arm64 0.2.8 155.00 NOTE
r-release-macos-x86_64 0.2.8 133.00 NOTE
r-release-windows-x86_64 0.2.8 74.00 101.00 175.00 NOTE
r-oldrel-macos-arm64 0.2.8 75.00 NOTE
r-oldrel-macos-x86_64 0.2.8 87.00 NOTE
r-oldrel-windows-x86_64 0.2.8 83.00 125.00 208.00 NOTE

Check Details

Version: 0.2.8
Check: C++ specification
Result: NOTE Specified C++11: please drop specification unless essential Flavors: r-devel-linux-x86_64-debian-clang, r-devel-linux-x86_64-debian-gcc, r-devel-linux-x86_64-fedora-clang, r-devel-linux-x86_64-fedora-gcc, r-devel-windows-x86_64, r-patched-linux-x86_64, r-release-linux-x86_64, r-release-macos-arm64, r-release-macos-x86_64, r-release-windows-x86_64, r-oldrel-macos-arm64, r-oldrel-macos-x86_64, r-oldrel-windows-x86_64

Version: 0.2.8
Check: Rd cross-references
Result: NOTE Found the following Rd file(s) with Rd \link{} targets missing package anchors: read_audio.Rd: Wave Please provide package anchors for all Rd \link{} targets not in the package itself and the base packages. Flavors: r-devel-linux-x86_64-debian-clang, r-devel-linux-x86_64-debian-gcc, r-devel-windows-x86_64, r-patched-linux-x86_64, r-release-linux-x86_64, r-release-windows-x86_64

Version: 0.2.8
Check: installed package size
Result: NOTE installed size is 5.9Mb sub-directories of 1Mb or more: libs 4.4Mb Flavors: r-oldrel-macos-arm64, r-oldrel-macos-x86_64