Last updated on 2025-04-30 04:50:00 CEST.
Flavor | Version | Tinstall | Tcheck | Ttotal | Status | Flags |
---|---|---|---|---|---|---|
r-devel-linux-x86_64-debian-clang | 0.4.0 | 30.10 | 225.81 | 255.91 | NOTE | |
r-devel-linux-x86_64-debian-gcc | 0.4.0 | 15.90 | 135.26 | 151.16 | NOTE | |
r-devel-linux-x86_64-fedora-clang | 0.4.0 | 401.08 | OK | |||
r-devel-linux-x86_64-fedora-gcc | 0.4.0 | 369.29 | OK | |||
r-devel-windows-x86_64 | 0.4.0 | 24.00 | 176.00 | 200.00 | OK | |
r-patched-linux-x86_64 | 0.4.0 | 27.28 | 210.71 | 237.99 | OK | |
r-release-linux-x86_64 | 0.4.0 | 24.63 | 207.39 | 232.02 | OK | |
r-release-macos-arm64 | 0.4.0 | 91.00 | OK | |||
r-release-macos-x86_64 | 0.4.0 | 173.00 | OK | |||
r-release-windows-x86_64 | 0.4.0 | 24.00 | 177.00 | 201.00 | OK | |
r-oldrel-macos-arm64 | 0.4.0 | 78.00 | OK | |||
r-oldrel-macos-x86_64 | 0.4.0 | 141.00 | OK | |||
r-oldrel-windows-x86_64 | 0.4.0 | 32.00 | 238.00 | 270.00 | OK |
Version: 0.4.0
Check: CRAN incoming feasibility
Result: NOTE
Maintainer: ‘Roberto Serrano-Notivoli <roberto.serrano@unizar.es>’
No Authors@R field in DESCRIPTION.
Please add one, modifying
Authors@R: person(given = "Roberto",
family = "Serrano-Notivoli",
role = c("aut", "cre"),
email = "roberto.serrano@unizar.es")
as necessary.
Flavors: r-devel-linux-x86_64-debian-clang, r-devel-linux-x86_64-debian-gcc