Last updated on 2025-04-30 04:50:00 CEST.
Flavor | Version | Tinstall | Tcheck | Ttotal | Status | Flags |
---|---|---|---|---|---|---|
r-devel-linux-x86_64-debian-clang | 1.0.6 | 11.17 | 513.47 | 524.64 | NOTE | |
r-devel-linux-x86_64-debian-gcc | 1.0.6 | 8.22 | 308.88 | 317.10 | OK | |
r-devel-linux-x86_64-fedora-clang | 1.0.6 | 828.94 | OK | |||
r-devel-linux-x86_64-fedora-gcc | 1.0.6 | 782.12 | OK | |||
r-devel-windows-x86_64 | 1.0.6 | 13.00 | 422.00 | 435.00 | OK | |
r-patched-linux-x86_64 | 1.0.6 | 12.22 | 481.18 | 493.40 | OK | |
r-release-linux-x86_64 | 1.0.6 | 9.65 | 477.92 | 487.57 | OK | |
r-release-macos-arm64 | 1.0.6 | 183.00 | OK | |||
r-release-macos-x86_64 | 1.0.6 | 387.00 | OK | |||
r-release-windows-x86_64 | 1.0.6 | 15.00 | 416.00 | 431.00 | OK | |
r-oldrel-macos-arm64 | 1.0.6 | 192.00 | OK | |||
r-oldrel-macos-x86_64 | 1.0.6 | 382.00 | OK | |||
r-oldrel-windows-x86_64 | 1.0.6 | 17.00 | 583.00 | 600.00 | OK |
Version: 1.0.6
Check: examples
Result: NOTE
Examples with CPU (user + system) or elapsed time > 5s
user system elapsed
time_to_size 6.452 0.019 8.088
compare_growth_fits 4.432 0.178 6.071
Flavor: r-devel-linux-x86_64-debian-clang