Last updated on 2025-04-30 04:50:00 CEST.
Flavor | Version | Tinstall | Tcheck | Ttotal | Status | Flags |
---|---|---|---|---|---|---|
r-devel-linux-x86_64-debian-clang | 1.2.2 | 10.45 | 181.00 | 191.45 | NOTE | |
r-devel-linux-x86_64-debian-gcc | 1.2.2 | 6.31 | 123.12 | 129.43 | OK | |
r-devel-linux-x86_64-fedora-clang | 1.2.2 | 293.58 | OK | |||
r-devel-linux-x86_64-fedora-gcc | 1.2.2 | 320.55 | OK | |||
r-devel-windows-x86_64 | 1.2.2 | 14.00 | 145.00 | 159.00 | OK | |
r-patched-linux-x86_64 | 1.2.2 | 9.85 | 172.70 | 182.55 | OK | |
r-release-linux-x86_64 | 1.2.2 | 9.36 | 170.94 | 180.30 | OK | |
r-release-macos-arm64 | 1.2.2 | 83.00 | OK | |||
r-release-macos-x86_64 | 1.2.2 | 161.00 | OK | |||
r-release-windows-x86_64 | 1.2.2 | 13.00 | 143.00 | 156.00 | OK | |
r-oldrel-macos-arm64 | 1.2.2 | 82.00 | NOTE | |||
r-oldrel-macos-x86_64 | 1.2.2 | 158.00 | NOTE | |||
r-oldrel-windows-x86_64 | 1.2.2 | 17.00 | 195.00 | 212.00 | NOTE |
Version: 1.2.2
Check: examples
Result: NOTE
Examples with CPU (user + system) or elapsed time > 5s
user system elapsed
heat_map 3.679 0.078 5.031
Flavor: r-devel-linux-x86_64-debian-clang
Version: 1.2.2
Check: package dependencies
Result: NOTE
Package which this enhances but not available for checking: ‘asreml’
Flavors: r-oldrel-macos-arm64, r-oldrel-macos-x86_64, r-oldrel-windows-x86_64