Last updated on 2025-04-30 04:50:00 CEST.
Flavor | Version | Tinstall | Tcheck | Ttotal | Status | Flags |
---|---|---|---|---|---|---|
r-devel-linux-x86_64-debian-clang | 4.2-6-2 | 47.82 | 420.92 | 468.74 | NOTE | |
r-devel-linux-x86_64-debian-gcc | 4.2-6-2 | 29.80 | 267.08 | 296.88 | NOTE | |
r-devel-linux-x86_64-fedora-clang | 4.2-6-2 | 782.71 | OK | |||
r-devel-linux-x86_64-fedora-gcc | 4.2-6-2 | 786.74 | OK | |||
r-devel-windows-x86_64 | 4.2-6-2 | 45.00 | 351.00 | 396.00 | OK | |
r-patched-linux-x86_64 | 4.2-6-2 | 44.22 | 395.35 | 439.57 | OK | |
r-release-linux-x86_64 | 4.2-6-2 | 44.45 | 393.67 | 438.12 | OK | |
r-release-macos-arm64 | 4.2-6-2 | 195.00 | OK | |||
r-release-macos-x86_64 | 4.2-6-2 | 350.00 | OK | |||
r-release-windows-x86_64 | 4.2-6-2 | 44.00 | 350.00 | 394.00 | OK | |
r-oldrel-macos-arm64 | 4.2-6-2 | 192.00 | OK | |||
r-oldrel-macos-x86_64 | 4.2-6-2 | 332.00 | OK | |||
r-oldrel-windows-x86_64 | 4.2-6-2 | 57.00 | 497.00 | 554.00 | OK |
Version: 4.2-6-2
Check: examples
Result: NOTE
Examples with CPU (user + system) or elapsed time > 5s
user system elapsed
BIOMOD_RangeSize 7.822 0.114 9.448
bm_Tuning 7.432 0.154 10.299
bm_PlotRangeSize 6.787 0.092 9.165
BIOMOD.projection.out 4.881 0.022 5.955
BIOMOD.ensemble.models.out 4.595 0.273 6.161
BIOMOD.formated.data.PA 4.512 0.096 5.765
BIOMOD_Modeling 4.242 0.047 5.503
Flavor: r-devel-linux-x86_64-debian-clang
Version: 4.2-6-2
Check: examples
Result: NOTE
Examples with CPU (user + system) or elapsed time > 5s
user system elapsed
bm_Tuning 5.388 0.195 7.498
BIOMOD_RangeSize 4.856 0.027 5.872
Flavor: r-devel-linux-x86_64-debian-gcc