Last updated on 2025-02-21 03:52:07 CET.
Flavor | Version | Tinstall | Tcheck | Ttotal | Status | Flags |
---|---|---|---|---|---|---|
r-devel-linux-x86_64-debian-clang | 1.2.0 | 8.82 | 94.01 | 102.83 | OK | |
r-devel-linux-x86_64-debian-gcc | 1.2.0 | 7.19 | 66.34 | 73.53 | OK | |
r-devel-linux-x86_64-fedora-clang | 1.2.0 | 150.10 | OK | |||
r-devel-linux-x86_64-fedora-gcc | 1.2.0 | 153.12 | OK | |||
r-devel-macos-arm64 | 1.2.0 | 73.00 | OK | |||
r-devel-macos-x86_64 | 1.2.0 | 191.00 | OK | |||
r-devel-windows-x86_64 | 1.2.0 | 12.00 | 94.00 | 106.00 | OK | |
r-patched-linux-x86_64 | 1.2.0 | 8.94 | 87.38 | 96.32 | OK | |
r-release-linux-x86_64 | 1.2.0 | 8.38 | 85.34 | 93.72 | OK | |
r-release-macos-arm64 | 1.2.0 | 66.00 | NOTE | |||
r-release-macos-x86_64 | 1.2.0 | 125.00 | NOTE | |||
r-release-windows-x86_64 | 1.2.0 | 12.00 | 92.00 | 104.00 | NOTE | |
r-oldrel-macos-arm64 | 1.2.0 | 56.00 | NOTE | |||
r-oldrel-macos-x86_64 | 1.2.0 | 115.00 | NOTE | |||
r-oldrel-windows-x86_64 | 1.2.0 | 15.00 | 123.00 | 138.00 | NOTE |
Version: 1.2.0
Check: installed package size
Result: NOTE
installed size is 5.3Mb
sub-directories of 1Mb or more:
data 1.0Mb
doc 3.2Mb
Flavors: r-release-macos-arm64, r-release-macos-x86_64, r-release-windows-x86_64, r-oldrel-macos-arm64, r-oldrel-macos-x86_64, r-oldrel-windows-x86_64