Last updated on 2025-04-30 04:50:00 CEST.
Flavor | Version | Tinstall | Tcheck | Ttotal | Status | Flags |
---|---|---|---|---|---|---|
r-devel-linux-x86_64-debian-clang | 1.2.0 | 9.29 | 97.37 | 106.66 | OK | |
r-devel-linux-x86_64-debian-gcc | 1.2.0 | 6.44 | 68.33 | 74.77 | OK | |
r-devel-linux-x86_64-fedora-clang | 1.2.0 | 153.82 | OK | |||
r-devel-linux-x86_64-fedora-gcc | 1.2.0 | 153.89 | OK | |||
r-devel-windows-x86_64 | 1.2.0 | 10.00 | 98.00 | 108.00 | OK | |
r-patched-linux-x86_64 | 1.2.0 | 8.35 | 87.74 | 96.09 | OK | |
r-release-linux-x86_64 | 1.2.0 | 7.77 | 87.19 | 94.96 | OK | |
r-release-macos-arm64 | 1.2.0 | 96.00 | OK | |||
r-release-macos-x86_64 | 1.2.0 | 244.00 | OK | |||
r-release-windows-x86_64 | 1.2.0 | 11.00 | 100.00 | 111.00 | OK | |
r-oldrel-macos-arm64 | 1.2.0 | 66.00 | NOTE | |||
r-oldrel-macos-x86_64 | 1.2.0 | 125.00 | NOTE | |||
r-oldrel-windows-x86_64 | 1.2.0 | 13.00 | 117.00 | 130.00 | NOTE |
Version: 1.2.0
Check: installed package size
Result: NOTE
installed size is 5.3Mb
sub-directories of 1Mb or more:
data 1.0Mb
doc 3.2Mb
Flavors: r-oldrel-macos-arm64, r-oldrel-macos-x86_64, r-oldrel-windows-x86_64