CRAN Package Check Results for Package bios2mds

Last updated on 2025-04-30 04:50:00 CEST.

Flavor Version Tinstall Tcheck Ttotal Status Flags
r-devel-linux-x86_64-debian-clang 1.2.3 7.60 61.08 68.68 NOTE
r-devel-linux-x86_64-debian-gcc 1.2.3 5.83 45.85 51.68 NOTE
r-devel-linux-x86_64-fedora-clang 1.2.3 106.72 NOTE
r-devel-linux-x86_64-fedora-gcc 1.2.3 100.34 NOTE
r-devel-windows-x86_64 1.2.3 10.00 89.00 99.00 NOTE
r-patched-linux-x86_64 1.2.3 9.28 59.70 68.98 NOTE
r-release-linux-x86_64 1.2.3 6.52 59.63 66.15 NOTE
r-release-macos-arm64 1.2.3 41.00 NOTE
r-release-macos-x86_64 1.2.3 58.00 NOTE
r-release-windows-x86_64 1.2.3 11.00 93.00 104.00 NOTE
r-oldrel-macos-arm64 1.2.3 34.00 NOTE
r-oldrel-macos-x86_64 1.2.3 49.00 NOTE
r-oldrel-windows-x86_64 1.2.3 11.00 107.00 118.00 NOTE

Check Details

Version: 1.2.3
Check: CRAN incoming feasibility
Result: NOTE Maintainer: ‘Marie Chabbert <marie.chabbert@univ-angers.fr>’ No Authors@R field in DESCRIPTION. Please add one, modifying Authors@R: c(person(given = c("Julien", "Pele", "with", "Jean-Michel"), family = "Becu", role = "aut"), person(given = c("Rym", "Ben"), family = "Boubaker", role = "aut"), person(given = "Herve", family = "Abdi", role = "aut"), person(given = "Marie", family = "Chabbert", role = c("aut", "cre"), email = "marie.chabbert@univ-angers.fr")) as necessary. Flavors: r-devel-linux-x86_64-debian-clang, r-devel-linux-x86_64-debian-gcc

Version: 1.2.3
Check: Rd files
Result: NOTE checkRd: (-1) mmds.2D.multi.Rd:118: Lost braces 118 | a numeric value in inches indicating the height of graph outfile. Default differs by outfile.type. The resolution for tiff and png figures is 150 dpi. See \code{pdf}, code{tiff}, \code{png}, \code{postscript}. | ^ checkRd: (-1) mmds.2D.plot.Rd:134: Lost braces 134 | a numeric value in inches indicating the height of graph outfile. Default differs by outfile.type. The resolution for tiff and png figures is 150 dpi. See \code{pdf}, code{tiff}, \code{png}, \code{postscript}. | ^ Flavors: r-devel-linux-x86_64-debian-clang, r-devel-linux-x86_64-debian-gcc, r-devel-linux-x86_64-fedora-clang, r-devel-linux-x86_64-fedora-gcc, r-devel-windows-x86_64, r-patched-linux-x86_64, r-release-linux-x86_64, r-release-macos-arm64, r-release-macos-x86_64, r-release-windows-x86_64, r-oldrel-macos-arm64, r-oldrel-macos-x86_64, r-oldrel-windows-x86_64

Version: 1.2.3
Check: examples
Result: NOTE Examples with CPU (user + system) or elapsed time > 5s user system elapsed sil.score 4.537 0.03 5.495 Flavor: r-devel-linux-x86_64-debian-clang