Last updated on 2025-05-02 04:49:30 CEST.
Flavor | Version | Tinstall | Tcheck | Ttotal | Status | Flags |
---|---|---|---|---|---|---|
r-devel-linux-x86_64-debian-clang | 1.0.4 | 1.53 | 68.98 | 70.51 | NOTE | |
r-devel-linux-x86_64-debian-gcc | 1.0.4 | 1.51 | 45.07 | 46.58 | OK | |
r-devel-linux-x86_64-fedora-clang | 1.0.4 | 115.12 | OK | |||
r-devel-linux-x86_64-fedora-gcc | 1.0.4 | 121.10 | OK | |||
r-devel-windows-x86_64 | 1.0.4 | 4.00 | 79.00 | 83.00 | OK | |
r-patched-linux-x86_64 | 1.0.4 | 2.25 | 65.10 | 67.35 | OK | |
r-release-linux-x86_64 | OK | |||||
r-release-macos-arm64 | 1.0.4 | 46.00 | OK | |||
r-release-macos-x86_64 | 1.0.4 | 76.00 | OK | |||
r-release-windows-x86_64 | 1.0.4 | 4.00 | 84.00 | 88.00 | OK | |
r-oldrel-macos-arm64 | 1.0.4 | 37.00 | OK | |||
r-oldrel-macos-x86_64 | 1.0.4 | 57.00 | OK | |||
r-oldrel-windows-x86_64 | 1.0.4 | 4.00 | 102.00 | 106.00 | OK |
Version: 1.0.4
Check: examples
Result: NOTE
Examples with CPU (user + system) or elapsed time > 5s
user system elapsed
calc_delta_var 4.977 0.113 6.728
Flavor: r-devel-linux-x86_64-debian-clang