CRAN Package Check Results for Package biosignalEMG

Last updated on 2025-04-30 04:50:00 CEST.

Flavor Version Tinstall Tcheck Ttotal Status Flags
r-devel-linux-x86_64-debian-clang 2.1.0 3.47 34.64 38.11 NOTE
r-devel-linux-x86_64-debian-gcc 2.1.0 2.17 25.61 27.78 NOTE
r-devel-linux-x86_64-fedora-clang 2.1.0 59.78 OK
r-devel-linux-x86_64-fedora-gcc 2.1.0 53.91 OK
r-devel-windows-x86_64 2.1.0 5.00 62.00 67.00 OK
r-patched-linux-x86_64 2.1.0 3.84 33.05 36.89 OK
r-release-linux-x86_64 2.1.0 3.11 32.20 35.31 OK
r-release-macos-arm64 2.1.0 26.00 OK
r-release-macos-x86_64 2.1.0 62.00 OK
r-release-windows-x86_64 2.1.0 4.00 61.00 65.00 OK
r-oldrel-macos-arm64 2.1.0 26.00 OK
r-oldrel-macos-x86_64 2.1.0 31.00 OK
r-oldrel-windows-x86_64 2.1.0 4.00 60.00 64.00 OK

Check Details

Version: 2.1.0
Check: CRAN incoming feasibility
Result: NOTE Maintainer: ‘Antonio Guerrero <jaguerrero@correo.uaa.mx>’ No Authors@R field in DESCRIPTION. Please add one, modifying Authors@R: c(person(given = "J.A.", family = "Guerrero", role = "aut"), person(given = "J.E.", family = "Macias-Diaz", role = "aut"), person(given = "Antonio", family = "Guerrero", role = "cre", email = "jaguerrero@correo.uaa.mx")) as necessary. Flavors: r-devel-linux-x86_64-debian-clang, r-devel-linux-x86_64-debian-gcc