Last updated on 2025-04-30 04:50:00 CEST.
Flavor | Version | Tinstall | Tcheck | Ttotal | Status | Flags |
---|---|---|---|---|---|---|
r-devel-linux-x86_64-debian-clang | 0.3 | 5.19 | 407.35 | 412.54 | NOTE | |
r-devel-linux-x86_64-debian-gcc | 0.3 | 3.83 | 271.51 | 275.34 | NOTE | |
r-devel-linux-x86_64-fedora-clang | 0.3 | 710.05 | OK | |||
r-devel-linux-x86_64-fedora-gcc | 0.3 | 700.22 | OK | |||
r-devel-windows-x86_64 | 0.3 | 7.00 | 476.00 | 483.00 | OK | |
r-patched-linux-x86_64 | 0.3 | 5.46 | 407.46 | 412.92 | OK | |
r-release-linux-x86_64 | 0.3 | 5.39 | 414.26 | 419.65 | OK | |
r-release-macos-arm64 | 0.3 | 228.00 | OK | |||
r-release-macos-x86_64 | 0.3 | 450.00 | OK | |||
r-release-windows-x86_64 | 0.3 | 7.00 | 458.00 | 465.00 | OK | |
r-oldrel-macos-arm64 | 0.3 | 184.00 | OK | |||
r-oldrel-macos-x86_64 | 0.3 | 311.00 | OK | |||
r-oldrel-windows-x86_64 | 0.3 | 8.00 | 603.00 | 611.00 | OK |
Version: 0.3
Check: CRAN incoming feasibility
Result: NOTE
Maintainer: ‘Michael Seo <swj8874@gmail.com>’
Package CITATION file contains call(s) to old-style citEntry(). Please
use bibentry() instead.
Flavors: r-devel-linux-x86_64-debian-clang, r-devel-linux-x86_64-debian-gcc